Last updated on 2024-04-23 10:53:56 CEST.
Flavor | Version | Tinstall | Tcheck | Ttotal | Status | Flags |
---|---|---|---|---|---|---|
r-devel-linux-x86_64-debian-clang | 1.0.2 | 5.17 | 62.55 | 67.72 | NOTE | |
r-devel-linux-x86_64-debian-gcc | 1.0.2 | 4.53 | 43.34 | 47.87 | NOTE | |
r-devel-linux-x86_64-fedora-clang | 1.0.2 | 82.51 | NOTE | |||
r-devel-linux-x86_64-fedora-gcc | 1.0.2 | 80.82 | NOTE | |||
r-prerel-macos-arm64 | 1.0.2 | 26.00 | NOTE | |||
r-prerel-windows-x86_64 | 1.0.2 | 6.00 | 65.00 | 71.00 | NOTE | |
r-patched-linux-x86_64 | 1.0.2 | 4.70 | 59.05 | 63.75 | NOTE | |
r-release-linux-x86_64 | 1.0.2 | 4.95 | 58.99 | 63.94 | OK | |
r-release-macos-arm64 | 1.0.2 | 27.00 | OK | |||
r-release-macos-x86_64 | 1.0.2 | 54.00 | OK | |||
r-release-windows-x86_64 | 1.0.2 | 7.00 | 72.00 | 79.00 | OK | |
r-oldrel-macos-arm64 | 1.0.2 | 27.00 | OK | |||
r-oldrel-windows-x86_64 | 1.0.2 | 7.00 | 73.00 | 80.00 | OK |
Version: 1.0.2
Check: Rd files
Result: NOTE
checkRd: (-1) est_S_Plus_Plus_MethodA.Rd:31: Lost braces; missing escapes or markup?
31 | \item{trt_diff}{Estimate of treatment difference for S_{++} using Method A}
| ^
checkRd: (-1) est_S_Plus_Plus_MethodB.Rd:31: Lost braces; missing escapes or markup?
31 | \item{trt_diff}{Estimate of treatment difference for S_{++} using Method B}
| ^
checkRd: (-1) est_S_Star_Plus_MethodA.Rd:29: Lost braces; missing escapes or markup?
29 | \item{trt_diff}{Estimate of treatment difference for S_{++} using Method A}
| ^
checkRd: (-1) est_S_Star_Plus_MethodB.Rd:29: Lost braces; missing escapes or markup?
29 | \item{trt_diff}{Estimate of treatment difference for S_{*+} using Method B}
| ^
Flavors: r-devel-linux-x86_64-debian-clang, r-devel-linux-x86_64-debian-gcc, r-devel-linux-x86_64-fedora-clang, r-devel-linux-x86_64-fedora-gcc, r-prerel-macos-arm64, r-prerel-windows-x86_64, r-patched-linux-x86_64