CRAN Package Check Results for Package acroname

Last updated on 2022-12-06 09:52:16 CET.

Flavor Version Tinstall Tcheck Ttotal Status Flags
r-devel-linux-x86_64-debian-clang 0.1.0 1.86 26.70 28.56 NOTE
r-devel-linux-x86_64-debian-gcc 0.1.0 1.83 21.09 22.92 NOTE
r-devel-linux-x86_64-fedora-clang 0.1.0 46.96 NOTE
r-devel-linux-x86_64-fedora-gcc 0.1.0 45.45 NOTE
r-devel-windows-x86_64 0.1.0 12.00 61.00 73.00 NOTE
r-patched-linux-x86_64 0.1.0 2.31 24.68 26.99 NOTE
r-release-linux-x86_64 0.1.0 1.70 24.27 25.97 NOTE
r-release-macos-arm64 0.1.0 18.00 NOTE
r-release-macos-x86_64 0.1.0 21.00 NOTE
r-release-windows-x86_64 0.1.0 11.00 53.00 64.00 NOTE
r-oldrel-macos-arm64 0.1.0 18.00 NOTE
r-oldrel-macos-x86_64 0.1.0 26.00 NOTE
r-oldrel-windows-ix86+x86_64 0.1.0 6.00 48.00 54.00 NOTE

Check Details

Version: 0.1.0
Check: LazyData
Result: NOTE
     'LazyData' is specified without a 'data' directory
Flavors: r-devel-linux-x86_64-debian-clang, r-devel-linux-x86_64-debian-gcc, r-devel-linux-x86_64-fedora-clang, r-devel-linux-x86_64-fedora-gcc, r-devel-windows-x86_64, r-patched-linux-x86_64, r-release-linux-x86_64, r-release-macos-arm64, r-release-macos-x86_64, r-release-windows-x86_64, r-oldrel-macos-arm64, r-oldrel-macos-x86_64, r-oldrel-windows-ix86+x86_64

Version: 0.1.0
Check: dependencies in R code
Result: NOTE
    Namespace in Imports field not imported from: ‘hunspell’
     All declared Imports should be used.
Flavors: r-devel-linux-x86_64-fedora-clang, r-devel-linux-x86_64-fedora-gcc, r-release-macos-arm64, r-release-macos-x86_64, r-oldrel-macos-arm64, r-oldrel-macos-x86_64