Last updated on 2023-01-27 10:50:10 CET.
Flavor | Version | Tinstall | Tcheck | Ttotal | Status | Flags |
---|---|---|---|---|---|---|
r-devel-linux-x86_64-debian-clang | 0.6.0 | 3.39 | 32.99 | 36.38 | NOTE | |
r-devel-linux-x86_64-debian-gcc | 0.6.0 | 2.58 | 26.01 | 28.59 | NOTE | |
r-devel-linux-x86_64-fedora-clang | 0.6.0 | 50.41 | NOTE | |||
r-devel-linux-x86_64-fedora-gcc | 0.6.0 | 56.29 | NOTE | |||
r-devel-windows-x86_64 | 0.6.0 | 10.00 | 64.00 | 74.00 | NOTE | |
r-patched-linux-x86_64 | 0.6.0 | 3.52 | 33.05 | 36.57 | NOTE | |
r-release-linux-x86_64 | 0.6.0 | 2.03 | 33.76 | 35.79 | NOTE | |
r-release-macos-arm64 | 0.6.0 | 20.00 | NOTE | |||
r-release-macos-x86_64 | 0.6.0 | 26.00 | NOTE | |||
r-release-windows-x86_64 | 0.6.0 | 9.00 | 63.00 | 72.00 | NOTE | |
r-oldrel-macos-arm64 | 0.6.0 | 21.00 | NOTE | |||
r-oldrel-macos-x86_64 | 0.6.0 | 26.00 | NOTE | |||
r-oldrel-windows-ix86+x86_64 | 0.6.0 | 8.00 | 59.00 | 67.00 | NOTE |
Version: 0.6.0
Check: LazyData
Result: NOTE
'LazyData' is specified without a 'data' directory
Flavors: r-devel-linux-x86_64-debian-clang, r-devel-linux-x86_64-debian-gcc, r-devel-linux-x86_64-fedora-clang, r-devel-linux-x86_64-fedora-gcc, r-devel-windows-x86_64, r-patched-linux-x86_64, r-release-linux-x86_64, r-release-macos-arm64, r-release-macos-x86_64, r-release-windows-x86_64, r-oldrel-macos-arm64, r-oldrel-macos-x86_64, r-oldrel-windows-ix86+x86_64