CRAN Package Check Results for Package accrual

Last updated on 2020-09-21 09:02:40 CEST.

Flavor Version Tinstall Tcheck Ttotal Status Flags
r-devel-linux-x86_64-debian-clang 1.3 9.79 73.96 83.75 OK
r-devel-linux-x86_64-debian-gcc 1.3 7.79 57.26 65.05 OK
r-devel-linux-x86_64-fedora-clang 1.3 114.70 OK
r-devel-linux-x86_64-fedora-gcc 1.3 106.30 OK
r-devel-windows-ix86+x86_64 1.3 21.00 80.00 101.00 OK
r-patched-linux-x86_64 1.3 9.42 73.90 83.32 OK
r-patched-solaris-x86 1.3 160.90 OK
r-release-linux-x86_64 1.3 9.35 74.70 84.05 OK
r-release-macos-x86_64 1.3 OK
r-release-windows-ix86+x86_64 1.3 18.00 75.00 93.00 OK
r-oldrel-macos-x86_64 1.3 FAIL
r-oldrel-windows-ix86+x86_64 1.3 11.00 96.00 107.00 OK

Check Details

Version: 1.3
Check: whether package can be installed
Result: FAIL
Flavor: r-oldrel-macos-x86_64