CRAN Package Check Results for Package acc

Last updated on 2022-12-07 10:49:52 CET.

Flavor Version Tinstall Tcheck Ttotal Status Flags
r-devel-linux-x86_64-debian-clang 1.3.3 71.86 90.53 162.39 OK
r-devel-linux-x86_64-debian-gcc 1.3.3 54.22 66.83 121.05 OK
r-devel-linux-x86_64-fedora-clang 1.3.3 249.76 NOTE
r-devel-linux-x86_64-fedora-gcc 1.3.3 211.55 NOTE
r-devel-windows-x86_64 1.3.3 63.00 136.00 199.00 OK
r-patched-linux-x86_64 1.3.3 67.44 84.37 151.81 OK
r-release-linux-x86_64 1.3.3 55.34 84.79 140.13 OK
r-release-macos-arm64 1.3.3 59.00 OK
r-release-macos-x86_64 1.3.3 71.00 OK
r-release-windows-x86_64 1.3.3 65.00 135.00 200.00 OK
r-oldrel-macos-arm64 1.3.3 61.00 OK
r-oldrel-macos-x86_64 1.3.3 107.00 OK
r-oldrel-windows-ix86+x86_64 1.3.3 169.00 148.00 317.00 OK

Check Details

Version: 1.3.3
Check: compiled code
Result: NOTE
    File ‘acc/libs/acc.so’:
     Found no calls to: ‘R_registerRoutines’, ‘R_useDynamicSymbols’
    
    It is good practice to register native routines and to disable symbol
    search.
    
    See ‘Writing portable packages’ in the ‘Writing R Extensions’ manual.
Flavors: r-devel-linux-x86_64-fedora-clang, r-devel-linux-x86_64-fedora-gcc