CRAN Package Check Results for Package abnormality

Last updated on 2023-01-29 11:07:27 CET.

Flavor Version Tinstall Tcheck Ttotal Status Flags
r-devel-linux-x86_64-debian-clang 0.1.0 2.17 22.06 24.23 NOTE
r-devel-linux-x86_64-debian-gcc 0.1.0 1.70 17.51 19.21 NOTE
r-devel-linux-x86_64-fedora-clang 0.1.0 32.84 NOTE
r-devel-linux-x86_64-fedora-gcc 0.1.0 30.77 NOTE
r-devel-windows-x86_64 0.1.0 11.00 54.00 65.00 NOTE
r-patched-linux-x86_64 0.1.0 1.91 22.60 24.51 NOTE
r-release-linux-x86_64 0.1.0 2.18 22.92 25.10 NOTE
r-release-macos-arm64 0.1.0 15.00 NOTE
r-release-macos-x86_64 0.1.0 21.00 NOTE
r-release-windows-x86_64 0.1.0 9.00 50.00 59.00 NOTE
r-oldrel-macos-arm64 0.1.0 21.00 NOTE
r-oldrel-macos-x86_64 0.1.0 25.00 NOTE
r-oldrel-windows-ix86+x86_64 0.1.0 6.00 47.00 53.00 NOTE

Check Details

Version: 0.1.0
Check: package subdirectories
Result: NOTE
    Problems with news in ‘NEWS.md’:
    No news entries found.
Flavors: r-devel-linux-x86_64-debian-clang, r-devel-linux-x86_64-debian-gcc, r-devel-linux-x86_64-fedora-clang, r-devel-linux-x86_64-fedora-gcc, r-devel-windows-x86_64

Version: 0.1.0
Check: LazyData
Result: NOTE
     'LazyData' is specified without a 'data' directory
Flavors: r-devel-linux-x86_64-debian-clang, r-devel-linux-x86_64-debian-gcc, r-devel-linux-x86_64-fedora-clang, r-devel-linux-x86_64-fedora-gcc, r-devel-windows-x86_64, r-patched-linux-x86_64, r-release-linux-x86_64, r-release-macos-arm64, r-release-macos-x86_64, r-release-windows-x86_64, r-oldrel-macos-arm64, r-oldrel-macos-x86_64, r-oldrel-windows-ix86+x86_64