Last updated on 2024-04-25 08:00:12 CEST.
Flavor | Version | Tinstall | Tcheck | Ttotal | Status | Flags |
---|---|---|---|---|---|---|
r-devel-linux-x86_64-debian-clang | 1.1.0 | 3.80 | 37.69 | 41.49 | OK | |
r-devel-linux-x86_64-debian-gcc | 1.1.0 | 3.91 | 27.79 | 31.70 | OK | |
r-devel-linux-x86_64-fedora-clang | 1.1.0 | 51.42 | NOTE | |||
r-devel-linux-x86_64-fedora-gcc | 1.1.0 | 49.31 | OK | |||
r-devel-windows-x86_64 | 1.1.0 | 5.00 | 49.00 | 54.00 | OK | |
r-patched-linux-x86_64 | 1.1.0 | 6.31 | 35.87 | 42.18 | OK | |
r-release-linux-x86_64 | 1.1.0 | 5.32 | 34.15 | 39.47 | OK | |
r-release-macos-arm64 | 1.1.0 | 18.00 | OK | |||
r-release-windows-x86_64 | 1.1.0 | 5.00 | 48.00 | 53.00 | OK | |
r-oldrel-macos-arm64 | 1.1.0 | 20.00 | OK | |||
r-oldrel-macos-x86_64 | 1.1.0 | 28.00 | OK | |||
r-oldrel-windows-x86_64 | 1.1.0 | 5.00 | 48.00 | 53.00 | OK |
Version: 1.1.0
Check: Rd cross-references
Result: NOTE
Undeclared package ‘dplyr’ in Rd xrefs
Flavor: r-devel-linux-x86_64-fedora-clang