CRAN Package Check Results for Package WeightedCluster

Last updated on 2022-01-25 09:48:55 CET.

Flavor Version Tinstall Tcheck Ttotal Status Flags
r-devel-linux-x86_64-debian-clang 1.6-0 20.00 250.89 270.89 OK
r-devel-linux-x86_64-debian-gcc 1.6-0 18.86 206.76 225.62 OK
r-devel-linux-x86_64-fedora-clang 1.6-0 332.51 OK
r-devel-linux-x86_64-fedora-gcc 1.6-0 342.01 OK
r-devel-windows-x86_64-new-UL 1.6-0 153.00 365.00 518.00 OK
r-devel-windows-x86_64-new-TK 1.6-0 ERROR
r-patched-linux-x86_64 1.6-0 24.75 242.61 267.36 OK
r-release-linux-x86_64 1.6-0 13.97 239.00 252.97 OK
r-release-macos-arm64 1.6-0 OK
r-release-macos-x86_64 1.6-0 OK
r-release-windows-ix86+x86_64 1.6-0 49.00 379.00 428.00 OK
r-oldrel-macos-x86_64 1.6-0 OK
r-oldrel-windows-ix86+x86_64 1.6-0 52.00 385.00 437.00 OK

Check Details

Version: 1.6-0
Check: package dependencies
Result: ERROR
    Package required but not available: 'TraMineR'
    
    See section 'The DESCRIPTION file' in the 'Writing R Extensions'
    manual.
Flavor: r-devel-windows-x86_64-new-TK