CRAN Package Check Results for Package WaverR

Last updated on 2023-01-31 10:52:26 CET.

Flavor Version Tinstall Tcheck Ttotal Status Flags
r-devel-linux-x86_64-debian-clang 1.0 3.28 32.90 36.18 NOTE
r-devel-linux-x86_64-debian-gcc 1.0 2.42 25.38 27.80 NOTE
r-devel-linux-x86_64-fedora-clang 1.0 46.17 NOTE
r-devel-linux-x86_64-fedora-gcc 1.0 44.95 NOTE
r-devel-windows-x86_64 1.0 10.00 61.00 71.00 OK
r-patched-linux-x86_64 1.0 2.72 33.00 35.72 NOTE
r-release-linux-x86_64 1.0 2.88 33.91 36.79 NOTE
r-release-macos-arm64 1.0 18.00 OK
r-release-macos-x86_64 1.0 24.00 OK
r-release-windows-x86_64 1.0 8.00 64.00 72.00 OK
r-oldrel-macos-arm64 1.0 19.00 OK
r-oldrel-macos-x86_64 1.0 29.00 OK
r-oldrel-windows-ix86+x86_64 1.0 8.00 58.00 66.00 OK

Check Details

Version: 1.0
Check: for non-standard things in the check directory
Result: NOTE
    Found the following files/directories:
     ‘ReconstructedData.txt’ ‘ReconstructedDataStDev.txt’
     ‘ResampledReconstructions.txt’
     ‘ResampledReconstructionsStandardVariation.txt’
Flavors: r-devel-linux-x86_64-debian-clang, r-devel-linux-x86_64-debian-gcc, r-devel-linux-x86_64-fedora-clang, r-devel-linux-x86_64-fedora-gcc, r-patched-linux-x86_64, r-release-linux-x86_64