CRAN Package Check Results for Package WRI

Last updated on 2022-09-29 09:55:47 CEST.

Flavor Version Tinstall Tcheck Ttotal Status Flags
r-devel-linux-x86_64-debian-clang 0.2.0 62.51 108.17 170.68 OK
r-devel-linux-x86_64-debian-gcc 0.2.0 46.58 81.05 127.63 OK
r-devel-linux-x86_64-fedora-clang 0.2.0 241.06 NOTE
r-devel-linux-x86_64-fedora-gcc 0.2.0 224.09 NOTE
r-devel-windows-x86_64 0.2.0 56.00 167.00 223.00 OK
r-patched-linux-x86_64 0.2.0 43.41 100.96 144.37 OK
r-release-linux-x86_64 0.2.0 41.85 101.55 143.40 OK
r-release-macos-arm64 0.2.0 66.00 NOTE
r-release-macos-x86_64 0.2.0 81.00 NOTE
r-release-windows-x86_64 0.2.0 54.00 156.00 210.00 OK
r-oldrel-macos-arm64 0.2.0 62.00 NOTE
r-oldrel-macos-x86_64 0.2.0 82.00 NOTE
r-oldrel-windows-ix86+x86_64 0.2.0 148.00 193.00 341.00 OK

Check Details

Version: 0.2.0
Check: dependencies in R code
Result: NOTE
    Namespaces in Imports field not imported from:
     ‘fdadensity’ ‘locfit’ ‘locpol’ ‘modeest’
     All declared Imports should be used.
Flavors: r-devel-linux-x86_64-fedora-clang, r-devel-linux-x86_64-fedora-gcc, r-release-macos-arm64, r-release-macos-x86_64, r-oldrel-macos-arm64, r-oldrel-macos-x86_64