Last updated on 2024-04-23 10:54:21 CEST.
Flavor | Version | Tinstall | Tcheck | Ttotal | Status | Flags |
---|---|---|---|---|---|---|
r-devel-linux-x86_64-debian-clang | 1.4.3 | 7.12 | 152.45 | 159.57 | OK | |
r-devel-linux-x86_64-debian-gcc | 1.4.3 | 6.39 | 112.85 | 119.24 | OK | |
r-devel-linux-x86_64-fedora-clang | 1.4.3 | 215.52 | NOTE | |||
r-devel-linux-x86_64-fedora-gcc | 1.4.3 | 220.40 | NOTE | |||
r-prerel-macos-arm64 | 1.4.3 | 54.00 | OK | |||
r-prerel-windows-x86_64 | 1.4.3 | 8.00 | 234.00 | 242.00 | OK | |
r-patched-linux-x86_64 | 1.4.3 | 7.34 | 143.80 | 151.14 | OK | |
r-release-linux-x86_64 | 1.4.3 | 5.87 | 141.65 | 147.52 | OK | |
r-release-macos-arm64 | 1.4.3 | 62.00 | OK | |||
r-release-macos-x86_64 | 1.4.3 | 93.00 | NOTE | |||
r-release-windows-x86_64 | 1.4.3 | 11.00 | 157.00 | 168.00 | OK | |
r-oldrel-macos-arm64 | 1.4.3 | 50.00 | NOTE | |||
r-oldrel-windows-x86_64 | 1.4.3 | 12.00 | 154.00 | 166.00 | OK |
Version: 1.4.3
Check: dependencies in R code
Result: NOTE
Namespace in Imports field not imported from: ‘rlang’
All declared Imports should be used.
Flavors: r-devel-linux-x86_64-fedora-clang, r-devel-linux-x86_64-fedora-gcc, r-oldrel-macos-arm64
Version: 1.4.3
Check: package dependencies
Result: NOTE
Package suggested but not available for checking: ‘NPRED’
Flavor: r-release-macos-x86_64