Last updated on 2024-04-19 10:57:45 CEST.
Flavor | Version | Tinstall | Tcheck | Ttotal | Status | Flags |
---|---|---|---|---|---|---|
r-devel-linux-x86_64-debian-clang | 1.0 | 41.45 | 77.54 | 118.99 | NOTE | |
r-devel-linux-x86_64-debian-gcc | 1.0 | NOTE | ||||
r-devel-linux-x86_64-fedora-clang | 1.0 | 151.99 | NOTE | |||
r-devel-linux-x86_64-fedora-gcc | 1.0 | 149.96 | NOTE | |||
r-prerel-macos-arm64 | 1.0 | 39.00 | NOTE | |||
r-prerel-windows-x86_64 | 1.0 | 31.00 | 202.00 | 233.00 | NOTE | |
r-patched-linux-x86_64 | 1.0 | 33.87 | 69.48 | 103.35 | NOTE | |
r-release-linux-x86_64 | 1.0 | 39.18 | 76.69 | 115.87 | NOTE | |
r-release-macos-arm64 | 1.0 | 48.00 | NOTE | |||
r-release-macos-x86_64 | 1.0 | 70.00 | NOTE | |||
r-release-windows-x86_64 | 1.0 | 39.00 | 117.00 | 156.00 | NOTE | |
r-oldrel-macos-arm64 | 1.0 | 44.00 | OK | |||
r-oldrel-windows-x86_64 | 1.0 | 39.00 | 122.00 | 161.00 | OK |
Version: 1.0
Check: C++ specification
Result: NOTE
Specified C++11: please drop specification unless essential
Flavors: r-devel-linux-x86_64-debian-clang, r-devel-linux-x86_64-debian-gcc, r-devel-linux-x86_64-fedora-clang, r-devel-linux-x86_64-fedora-gcc, r-prerel-macos-arm64, r-prerel-windows-x86_64, r-patched-linux-x86_64, r-release-linux-x86_64, r-release-macos-arm64, r-release-macos-x86_64, r-release-windows-x86_64