CRAN Package Check Results for Package TreeBUGS

Last updated on 2022-05-18 09:54:16 CEST.

Flavor Version Tinstall Tcheck Ttotal Status Flags
r-devel-linux-x86_64-debian-clang 1.4.7 46.14 86.27 132.41 WARN
r-devel-linux-x86_64-debian-gcc 1.4.7 41.87 64.48 106.35 OK
r-devel-linux-x86_64-fedora-clang 1.4.7 182.35 WARN
r-devel-linux-x86_64-fedora-gcc 1.4.7 171.10 OK
r-devel-windows-x86_64 1.4.7 92.00 131.00 223.00 OK
r-patched-linux-x86_64 1.4.7 44.56 82.69 127.25 OK
r-release-linux-x86_64 1.4.7 42.71 83.41 126.12 OK
r-release-macos-arm64 1.4.7 55.00 OK
r-release-macos-x86_64 1.4.7 67.00 OK
r-release-windows-x86_64 1.4.7 88.00 134.00 222.00 OK
r-oldrel-macos-arm64 1.4.7 45.00 OK
r-oldrel-macos-x86_64 1.4.7 84.00 OK
r-oldrel-windows-ix86+x86_64 1.4.7 125.00 131.00 256.00 OK

Additional issues

clang14

Check Details

Version: 1.4.7
Check: whether package can be installed
Result: WARN
    Found the following significant warnings:
     betaMPT.cpp:59:9: warning: use of bitwise '|' with boolean operands [-Wbitwise-instead-of-logical]
     betaMPT.cpp:59:39: warning: use of bitwise '&' with boolean operands [-Wbitwise-instead-of-logical]
     betaMPT.cpp:59:11: warning: use of bitwise '&' with boolean operands [-Wbitwise-instead-of-logical]
     betaMPT.cpp:61:15: warning: use of bitwise '|' with boolean operands [-Wbitwise-instead-of-logical]
     betaMPT.cpp:61:45: warning: use of bitwise '&' with boolean operands [-Wbitwise-instead-of-logical]
     betaMPT.cpp:61:17: warning: use of bitwise '&' with boolean operands [-Wbitwise-instead-of-logical]
     betaMPT.cpp:85:9: warning: use of bitwise '|' with boolean operands [-Wbitwise-instead-of-logical]
     betaMPT.cpp:85:39: warning: use of bitwise '&' with boolean operands [-Wbitwise-instead-of-logical]
     betaMPT.cpp:85:11: warning: use of bitwise '&' with boolean operands [-Wbitwise-instead-of-logical]
     betaMPT.cpp:87:15: warning: use of bitwise '|' with boolean operands [-Wbitwise-instead-of-logical]
     betaMPT.cpp:87:45: warning: use of bitwise '&' with boolean operands [-Wbitwise-instead-of-logical]
     betaMPT.cpp:87:17: warning: use of bitwise '&' with boolean operands [-Wbitwise-instead-of-logical]
Flavors: r-devel-linux-x86_64-debian-clang, r-devel-linux-x86_64-fedora-clang