Last updated on 2023-06-08 09:59:31 CEST.
Flavor | Version | Tinstall | Tcheck | Ttotal | Status | Flags |
---|---|---|---|---|---|---|
r-devel-linux-x86_64-debian-clang | 1.0.8 | 10.80 | 153.99 | 164.79 | NOTE | |
r-devel-linux-x86_64-debian-gcc | 1.0.8 | 9.13 | 122.96 | 132.09 | NOTE | |
r-devel-linux-x86_64-fedora-clang | 1.0.8 | 198.31 | NOTE | |||
r-devel-linux-x86_64-fedora-gcc | 1.0.8 | 224.08 | NOTE | |||
r-devel-windows-x86_64 | 1.0.8 | 13.00 | 228.00 | 241.00 | NOTE | |
r-patched-linux-x86_64 | 1.0.8 | 9.26 | 154.88 | 164.14 | NOTE | |
r-release-linux-x86_64 | 1.0.8 | 7.90 | 156.34 | 164.24 | NOTE | |
r-release-macos-arm64 | 1.0.8 | 83.00 | NOTE | |||
r-release-macos-x86_64 | 1.0.8 | 124.00 | NOTE | |||
r-release-windows-x86_64 | 1.0.8 | 16.00 | 168.00 | 184.00 | OK | |
r-oldrel-macos-arm64 | 1.0.8 | 96.00 | NOTE | |||
r-oldrel-macos-x86_64 | 1.0.8 | 130.00 | NOTE | |||
r-oldrel-windows-x86_64 | 1.0.8 | 15.00 | 170.00 | 185.00 | OK |
Version: 1.0.8
Check: package dependencies
Result: NOTE
Packages suggested but not available for checking:
'RGtk2', 'gWidgets2RGtk2'
Flavors: r-devel-linux-x86_64-debian-clang, r-devel-linux-x86_64-debian-gcc, r-devel-linux-x86_64-fedora-clang, r-devel-linux-x86_64-fedora-gcc, r-devel-windows-x86_64, r-patched-linux-x86_64, r-release-linux-x86_64, r-release-macos-arm64, r-release-macos-x86_64, r-oldrel-macos-arm64, r-oldrel-macos-x86_64