Last updated on 2024-04-18 10:50:06 CEST.
Flavor | Version | Tinstall | Tcheck | Ttotal | Status | Flags |
---|---|---|---|---|---|---|
r-devel-linux-x86_64-debian-clang | 0.5.3 | 4.60 | 149.43 | 154.03 | NOTE | |
r-devel-linux-x86_64-debian-gcc | 0.5.3 | 2.88 | 108.37 | 111.25 | NOTE | |
r-devel-linux-x86_64-fedora-clang | 0.5.3 | 179.84 | NOTE | |||
r-devel-linux-x86_64-fedora-gcc | 0.5.3 | 184.43 | NOTE | |||
r-prerel-macos-arm64 | 0.5.3 | 52.00 | NOTE | |||
r-prerel-windows-x86_64 | 0.5.3 | 4.00 | 237.00 | 241.00 | NOTE | |
r-patched-linux-x86_64 | 0.5.3 | 5.25 | 140.24 | 145.49 | NOTE | |
r-release-linux-x86_64 | 0.5.3 | 4.38 | 135.85 | 140.23 | OK | |
r-release-macos-arm64 | 0.5.3 | 73.00 | OK | |||
r-release-macos-x86_64 | 0.5.3 | 140.00 | OK | |||
r-release-windows-x86_64 | 0.5.3 | 6.00 | 153.00 | 159.00 | OK | |
r-oldrel-macos-arm64 | 0.5.3 | 58.00 | OK | |||
r-oldrel-windows-x86_64 | 0.5.3 | 5.00 | 245.00 | 250.00 | OK |
Version: 0.5.3
Check: Rd files
Result: NOTE
checkRd: (-1) E_DHx_HmDm_HT.f.Rd:45-46: Lost braces in \itemize; \value handles \item{}{} directly
checkRd: (-1) E_DHx_HmDm_HT.f.Rd:47-48: Lost braces in \itemize; \value handles \item{}{} directly
checkRd: (-1) E_DHx_HmDm_HT.f.Rd:49: Lost braces in \itemize; \value handles \item{}{} directly
checkRd: (-1) E_DHx_HmDm_HT.f.Rd:50-52: Lost braces in \itemize; \value handles \item{}{} directly
checkRd: (-1) E_DHx_HmDm_HT.f.Rd:53-54: Lost braces in \itemize; \value handles \item{}{} directly
checkRd: (-1) E_DHx_HmDm_HT.f.Rd:55: Lost braces in \itemize; \value handles \item{}{} directly
checkRd: (-1) E_DHx_HmDm_HT.f.Rd:56-58: Lost braces in \itemize; \value handles \item{}{} directly
checkRd: (-1) E_DHx_HmDm_HT.f.Rd:59-60: Lost braces in \itemize; \value handles \item{}{} directly
checkRd: (-1) E_DHx_HmDm_HT.f.Rd:61: Lost braces in \itemize; \value handles \item{}{} directly
checkRd: (-1) E_DHx_HmDm_HT_CIdHt.f.Rd:45-46: Lost braces in \itemize; \value handles \item{}{} directly
checkRd: (-1) E_DHx_HmDm_HT_CIdHt.f.Rd:47-48: Lost braces in \itemize; \value handles \item{}{} directly
checkRd: (-1) E_DHx_HmDm_HT_CIdHt.f.Rd:49: Lost braces in \itemize; \value handles \item{}{} directly
checkRd: (-1) E_DHx_HmDm_HT_CIdHt.f.Rd:50: Lost braces in \itemize; \value handles \item{}{} directly
checkRd: (-1) E_DHx_HmDm_HT_CIdHt.f.Rd:51: Lost braces in \itemize; \value handles \item{}{} directly
checkRd: (-1) E_DHx_HmDm_HT_CIdHt.f.Rd:52: Lost braces in \itemize; \value handles \item{}{} directly
checkRd: (-1) E_VOL_AB_HmDm_HT.f.Rd:65: Lost braces in \itemize; \value handles \item{}{} directly
checkRd: (-1) E_VOL_AB_HmDm_HT.f.Rd:66: Lost braces in \itemize; \value handles \item{}{} directly
checkRd: (-1) E_VOL_AB_HmDm_HT.f.Rd:67: Lost braces in \itemize; \value handles \item{}{} directly
checkRd: (-1) E_VOL_AB_HmDm_HT.f.Rd:68: Lost braces in \itemize; \value handles \item{}{} directly
checkRd: (-1) E_VOL_AB_HmDm_HT.f.Rd:69: Lost braces in \itemize; \value handles \item{}{} directly
checkRd: (-1) E_VOL_AB_HmDm_HT.f.Rd:70: Lost braces in \itemize; \value handles \item{}{} directly
checkRd: (-1) E_VOL_AB_HmDm_HT.f.Rd:71: Lost braces in \itemize; \value handles \item{}{} directly
checkRd: (-1) E_VOL_AB_HmDm_HT.f.Rd:72: Lost braces in \itemize; \value handles \item{}{} directly
checkRd: (-1) E_VOL_AB_HmDm_HT.f.Rd:73: Lost braces in \itemize; \value handles \item{}{} directly
checkRd: (-1) E_VOL_AB_HmDm_HT.f.Rd:74: Lost braces in \itemize; \value handles \item{}{} directly
checkRd: (-1) TapeR_FIT_LME.f.Rd:51: Lost braces in \itemize; \value handles \item{}{} directly
checkRd: (-1) TapeR_FIT_LME.f.Rd:52-54: Lost braces in \itemize; \value handles \item{}{} directly
checkRd: (-1) TapeR_FIT_LME.f.Rd:57: Lost braces in \itemize; \value handles \item{}{} directly
checkRd: (-1) TapeR_FIT_LME.f.Rd:58: Lost braces in \itemize; \value handles \item{}{} directly
checkRd: (-1) TapeR_FIT_LME.f.Rd:59: Lost braces in \itemize; \value handles \item{}{} directly
checkRd: (-1) TapeR_FIT_LME.f.Rd:60-61: Lost braces in \itemize; \value handles \item{}{} directly
checkRd: (-1) TapeR_FIT_LME.f.Rd:62: Lost braces in \itemize; \value handles \item{}{} directly
checkRd: (-1) TapeR_FIT_LME.f.Rd:63: Lost braces in \itemize; \value handles \item{}{} directly
checkRd: (-1) TapeR_FIT_LME.f.Rd:64: Lost braces in \itemize; \value handles \item{}{} directly
checkRd: (-1) TapeR_FIT_LME.f.Rd:65: Lost braces in \itemize; \value handles \item{}{} directly
checkRd: (-1) TapeR_FIT_LME.f.Rd:66: Lost braces in \itemize; \value handles \item{}{} directly
checkRd: (-1) TapeR_FIT_LME.f.Rd:67: Lost braces in \itemize; \value handles \item{}{} directly
checkRd: (-1) TapeR_FIT_LME.f.Rd:68: Lost braces in \itemize; \value handles \item{}{} directly
checkRd: (-1) TapeR_FIT_LME.f.Rd:69: Lost braces in \itemize; \value handles \item{}{} directly
checkRd: (-1) TapeR_FIT_LME.f.Rd:70: Lost braces in \itemize; \value handles \item{}{} directly
Flavors: r-devel-linux-x86_64-debian-clang, r-devel-linux-x86_64-debian-gcc, r-devel-linux-x86_64-fedora-clang, r-devel-linux-x86_64-fedora-gcc, r-prerel-macos-arm64, r-prerel-windows-x86_64, r-patched-linux-x86_64