CRAN Package Check Results for Package TSA

Last updated on 2021-12-06 09:53:44 CET.

Flavor Version Tinstall Tcheck Ttotal Status Flags
r-devel-linux-x86_64-debian-clang 1.3 13.98 114.40 128.38 OK
r-devel-linux-x86_64-debian-gcc 1.3 10.93 88.99 99.92 OK
r-devel-linux-x86_64-fedora-clang 1.3 158.36 NOTE
r-devel-linux-x86_64-fedora-gcc 1.3 145.57 NOTE
r-devel-windows-x86_64-new-UL 1.3 28.00 173.00 201.00 OK
r-devel-windows-x86_64-new-TK 1.3 NOTE
r-devel-windows-x86_64-old 1.3 20.00 232.00 252.00 OK
r-patched-linux-x86_64 1.3 12.23 105.99 118.22 OK
r-release-linux-x86_64 1.3 13.84 113.87 127.71 OK
r-release-macos-arm64 1.3 NOTE
r-release-macos-x86_64 1.3 NOTE
r-release-windows-ix86+x86_64 1.3 25.00 149.00 174.00 OK
r-oldrel-macos-x86_64 1.3 NOTE
r-oldrel-windows-ix86+x86_64 1.3 25.00 153.00 178.00 OK

Check Details

Version: 1.3
Check: dependencies in R code
Result: NOTE
    Namespace in Imports field not imported from: ‘tseries’
     All declared Imports should be used.
Flavors: r-devel-linux-x86_64-fedora-clang, r-devel-linux-x86_64-fedora-gcc, r-devel-windows-x86_64-new-TK, r-release-macos-arm64, r-release-macos-x86_64, r-oldrel-macos-x86_64