CRAN Package Check Results for Package TMB

Last updated on 2020-09-19 10:48:20 CEST.

Flavor Version Tinstall Tcheck Ttotal Status Flags
r-devel-linux-x86_64-debian-clang 1.7.18 83.96 72.95 156.91 OK
r-devel-linux-x86_64-debian-gcc 1.7.18 58.63 56.68 115.31 OK
r-devel-linux-x86_64-fedora-clang 1.7.18 230.91 NOTE
r-devel-linux-x86_64-fedora-gcc 1.7.18 200.30 OK
r-devel-windows-ix86+x86_64 1.7.18 154.00 122.00 276.00 NOTE
r-patched-linux-x86_64 1.7.18 64.13 71.66 135.79 OK
r-patched-solaris-x86 1.7.18 207.30 OK
r-release-linux-x86_64 1.7.18 63.87 71.36 135.23 OK
r-release-macos-x86_64 1.7.18 NOTE
r-release-windows-ix86+x86_64 1.7.18 160.00 100.00 260.00 NOTE
r-oldrel-macos-x86_64 1.7.18 NOTE
r-oldrel-windows-ix86+x86_64 1.7.18 107.00 119.00 226.00 NOTE

Check Details

Version: 1.7.18
Check: installed package size
Result: NOTE
     installed size is 18.5Mb
     sub-directories of 1Mb or more:
     examples 15.0Mb
     include 3.0Mb
Flavors: r-devel-linux-x86_64-fedora-clang, r-devel-windows-ix86+x86_64, r-release-macos-x86_64, r-release-windows-ix86+x86_64, r-oldrel-macos-x86_64, r-oldrel-windows-ix86+x86_64