CRAN Package Check Results for Package TMB

Last updated on 2020-01-18 10:49:08 CET.

Flavor Version Tinstall Tcheck Ttotal Status Flags
r-devel-linux-x86_64-debian-clang 1.7.16 78.04 71.58 149.62 OK
r-devel-linux-x86_64-debian-gcc 1.7.16 59.59 55.97 115.56 OK
r-devel-linux-x86_64-fedora-clang 1.7.16 200.80 NOTE
r-devel-linux-x86_64-fedora-gcc 1.7.16 190.41 OK
r-devel-windows-ix86+x86_64 1.7.16 164.00 131.00 295.00 NOTE
r-devel-windows-ix86+x86_64-gcc8 1.7.15 113.00 116.00 229.00 NOTE
r-patched-linux-x86_64 1.7.16 56.53 63.64 120.17 OK
r-patched-solaris-x86 1.7.16 179.20 OK
r-release-linux-x86_64 1.7.16 51.57 64.26 115.83 OK
r-release-windows-ix86+x86_64 1.7.16 151.00 123.00 274.00 NOTE
r-release-osx-x86_64 1.7.16 NOTE
r-oldrel-windows-ix86+x86_64 1.7.16 112.00 82.00 194.00 NOTE
r-oldrel-osx-x86_64 1.7.16 NOTE

Check Details

Version: 1.7.16
Check: installed package size
Result: NOTE
     installed size is 17.7Mb
     sub-directories of 1Mb or more:
     examples 14.2Mb
     include 3.0Mb
Flavors: r-devel-linux-x86_64-fedora-clang, r-devel-windows-ix86+x86_64, r-release-windows-ix86+x86_64, r-release-osx-x86_64, r-oldrel-windows-ix86+x86_64, r-oldrel-osx-x86_64

Version: 1.7.15
Check: installed package size
Result: NOTE
     installed size is 23.1Mb
     sub-directories of 1Mb or more:
     examples 19.5Mb
     include 2.9Mb
Flavor: r-devel-windows-ix86+x86_64-gcc8