CRAN Package Check Results for Package TAM

Last updated on 2022-09-29 09:55:45 CEST.

Flavor Version Tinstall Tcheck Ttotal Status Flags
r-devel-linux-x86_64-debian-clang 4.1-4 234.51 207.03 441.54 OK
r-devel-linux-x86_64-debian-gcc 4.1-4 176.63 151.58 328.21 OK
r-devel-linux-x86_64-fedora-clang 4.1-4 634.24 NOTE
r-devel-linux-x86_64-fedora-gcc 4.1-4 589.26 OK
r-devel-windows-x86_64 4.1-4 258.00 339.00 597.00 OK
r-patched-linux-x86_64 4.1-4 205.27 198.76 404.03 OK
r-release-linux-x86_64 4.1-4 196.05 197.42 393.47 OK
r-release-macos-arm64 4.1-4 138.00 NOTE
r-release-macos-x86_64 4.1-4 164.00 NOTE
r-release-windows-x86_64 4.1-4 258.00 256.00 514.00 OK
r-oldrel-macos-arm64 4.1-4 128.00 NOTE
r-oldrel-macos-x86_64 4.1-4 164.00 NOTE
r-oldrel-windows-ix86+x86_64 4.1-4 528.00 486.00 1014.00 OK

Check Details

Version: 4.1-4
Check: Rd cross-references
Result: NOTE
    Undeclared package ‘mirt’ in Rd xrefs
Flavor: r-devel-linux-x86_64-fedora-clang

Version: 4.1-4
Check: installed package size
Result: NOTE
     installed size is 7.7Mb
     sub-directories of 1Mb or more:
     R 2.0Mb
     libs 4.7Mb
Flavors: r-release-macos-arm64, r-release-macos-x86_64, r-oldrel-macos-arm64, r-oldrel-macos-x86_64