Last updated on 2024-05-02 10:49:05 CEST.
Flavor | Version | Tinstall | Tcheck | Ttotal | Status | Flags |
---|---|---|---|---|---|---|
r-devel-linux-x86_64-debian-clang | 1.1.0 | 10.17 | 328.67 | 338.84 | OK | |
r-devel-linux-x86_64-debian-gcc | 1.1.0 | 7.40 | 227.25 | 234.65 | OK | |
r-devel-linux-x86_64-fedora-clang | 1.1.0 | 398.37 | NOTE | |||
r-devel-linux-x86_64-fedora-gcc | 1.1.0 | 412.42 | OK | |||
r-devel-windows-x86_64 | 1.1.0 | 9.00 | 209.00 | 218.00 | OK | |
r-patched-linux-x86_64 | 1.1.0 | 8.36 | 303.46 | 311.82 | OK | |
r-release-linux-x86_64 | 1.1.0 | 7.91 | 306.52 | 314.43 | OK | |
r-release-macos-arm64 | 1.1.0 | 100.00 | NOTE | |||
r-release-macos-x86_64 | 1.1.0 | 250.00 | NOTE | |||
r-release-windows-x86_64 | 1.1.0 | 10.00 | 266.00 | 276.00 | OK | |
r-oldrel-macos-arm64 | 1.1.0 | 109.00 | NOTE | |||
r-oldrel-macos-x86_64 | 1.1.0 | 215.00 | NOTE | |||
r-oldrel-windows-x86_64 | 1.1.0 | 12.00 | 282.00 | 294.00 | NOTE |
Version: 1.1.0
Check: installed package size
Result: NOTE
installed size is 5.0Mb
sub-directories of 1Mb or more:
data 2.9Mb
doc 1.8Mb
Flavors: r-devel-linux-x86_64-fedora-clang, r-release-macos-arm64, r-release-macos-x86_64, r-oldrel-macos-arm64, r-oldrel-macos-x86_64, r-oldrel-windows-x86_64