CRAN Package Check Results for Package SynDI

Last updated on 2022-09-25 09:51:52 CEST.

Flavor Version Tinstall Tcheck Ttotal Status Flags
r-devel-linux-x86_64-debian-clang 0.1.0 5.95 173.54 179.49 OK
r-devel-linux-x86_64-debian-gcc 0.1.0 3.91 132.43 136.34 OK
r-devel-linux-x86_64-fedora-clang 0.1.0 222.97 NOTE
r-devel-linux-x86_64-fedora-gcc 0.1.0 232.12 NOTE
r-devel-windows-x86_64 0.1.0 12.00 222.00 234.00 OK
r-patched-linux-x86_64 0.1.0 5.76 165.30 171.06 OK
r-release-linux-x86_64 0.1.0 3.73 164.93 168.66 OK
r-release-macos-arm64 0.1.0 97.00 NOTE
r-release-macos-x86_64 0.1.0 98.00 NOTE
r-release-windows-x86_64 0.1.0 15.00 208.00 223.00 OK
r-oldrel-macos-arm64 0.1.0 85.00 NOTE
r-oldrel-macos-x86_64 0.1.0 100.00 NOTE
r-oldrel-windows-ix86+x86_64 0.1.0 15.00 234.00 249.00 OK

Check Details

Version: 0.1.0
Check: dependencies in R code
Result: NOTE
    Namespaces in Imports field not imported from:
     ‘MASS’ ‘StackImpute’ ‘arm’ ‘boot’ ‘broom’ ‘knitr’ ‘mvtnorm’
     ‘randomForest’
     All declared Imports should be used.
Flavors: r-devel-linux-x86_64-fedora-clang, r-devel-linux-x86_64-fedora-gcc, r-release-macos-arm64, r-release-macos-x86_64, r-oldrel-macos-arm64, r-oldrel-macos-x86_64