CRAN Package Check Results for Package SwimmeR

Last updated on 2020-08-10 10:03:19 CEST.

Flavor Version Tinstall Tcheck Ttotal Status Flags
r-devel-linux-x86_64-debian-clang 0.3.1 6.56 72.60 79.16 OK
r-devel-linux-x86_64-debian-gcc 0.3.1 5.99 54.47 60.46 OK
r-devel-linux-x86_64-fedora-clang 0.3.1 103.07 NOTE
r-devel-linux-x86_64-fedora-gcc 0.3.1 94.03 NOTE
r-devel-windows-ix86+x86_64 0.3.1 13.00 170.00 183.00 OK
r-patched-linux-x86_64 0.3.1 6.87 70.85 77.72 OK
r-patched-solaris-x86 0.3.1 280.00 NOTE
r-release-linux-x86_64 0.3.1 6.74 71.45 78.19 OK
r-release-macos-x86_64 0.3.1 NOTE
r-release-windows-ix86+x86_64 0.3.1 23.00 170.00 193.00 OK
r-oldrel-macos-x86_64 0.3.1 NOTE
r-oldrel-windows-ix86+x86_64 0.3.1 12.00 118.00 130.00 OK

Check Details

Version: 0.3.1
Check: dependencies in R code
Result: NOTE
    Namespaces in Imports field not imported from:
     ‘ggplot2’ ‘scales’ ‘utils’
     All declared Imports should be used.
Flavors: r-devel-linux-x86_64-fedora-clang, r-devel-linux-x86_64-fedora-gcc, r-patched-solaris-x86, r-release-macos-x86_64, r-oldrel-macos-x86_64