CRAN Package Check Results for Package Surrogate

Last updated on 2020-08-04 09:48:43 CEST.

Flavor Version Tinstall Tcheck Ttotal Status Flags
r-devel-linux-x86_64-debian-clang 1.7 45.10 248.77 293.87 OK
r-devel-linux-x86_64-debian-gcc 1.7 37.09 179.26 216.35 OK
r-devel-linux-x86_64-fedora-clang 1.7 342.28 NOTE
r-devel-linux-x86_64-fedora-gcc 1.7 337.69 NOTE
r-devel-windows-ix86+x86_64 1.7 84.00 235.00 319.00 OK
r-patched-linux-x86_64 1.7 29.84 245.91 275.75 OK
r-patched-solaris-x86 1.7 442.40 NOTE
r-release-linux-x86_64 1.7 41.47 244.89 286.36 OK
r-release-macos-x86_64 1.7 NOTE
r-release-windows-ix86+x86_64 1.7 70.00 324.00 394.00 OK
r-oldrel-macos-x86_64 1.7 WARN
r-oldrel-windows-ix86+x86_64 1.7 52.00 287.00 339.00 OK

Check Details

Version: 1.7
Check: dependencies in R code
Result: NOTE
    Namespace in Imports field not imported from: ‘rootSolve’
     All declared Imports should be used.
Flavors: r-devel-linux-x86_64-fedora-clang, r-devel-linux-x86_64-fedora-gcc, r-patched-solaris-x86, r-release-macos-x86_64, r-oldrel-macos-x86_64

Version: 1.7
Check: whether package can be installed
Result: WARN
    Found the following significant warnings:
     Warning: 'rgl.init' failed, running with 'rgl.useNULL = TRUE'.
Flavor: r-oldrel-macos-x86_64