Last updated on 2024-03-28 10:49:50 CET.
Flavor | Version | Tinstall | Tcheck | Ttotal | Status | Flags |
---|---|---|---|---|---|---|
r-devel-linux-x86_64-debian-clang | 1.1-9.7 | 7.05 | 31.13 | 38.18 | NOTE | |
r-devel-linux-x86_64-debian-gcc | 1.1-9.7 | 6.15 | 23.43 | 29.58 | NOTE | |
r-devel-linux-x86_64-fedora-clang | 1.1-9.7 | 47.32 | NOTE | |||
r-devel-linux-x86_64-fedora-gcc | 1.1-9.7 | 47.76 | NOTE | |||
r-devel-windows-x86_64 | 1.1-9.7 | 11.00 | 50.00 | 61.00 | NOTE | |
r-patched-linux-x86_64 | 1.1-9.7 | 8.38 | 29.22 | 37.60 | NOTE | |
r-release-linux-x86_64 | 1.1-9.7 | 7.96 | 29.08 | 37.04 | NOTE | |
r-release-macos-arm64 | 1.1-9.7 | 19.00 | NOTE | |||
r-release-macos-x86_64 | 1.1-9.7 | 28.00 | NOTE | |||
r-release-windows-x86_64 | 1.1-9.7 | 10.00 | 53.00 | 63.00 | NOTE | |
r-oldrel-macos-arm64 | 1.1-9.7 | 18.00 | OK | |||
r-oldrel-windows-x86_64 | 1.1-9.7 | 11.00 | 55.00 | 66.00 | OK |
Version: 1.1-9.7
Check: C++ specification
Result: NOTE
Specified C++11: please drop specification unless essential
Flavors: r-devel-linux-x86_64-debian-clang, r-devel-linux-x86_64-debian-gcc, r-devel-linux-x86_64-fedora-clang, r-devel-linux-x86_64-fedora-gcc, r-devel-windows-x86_64, r-patched-linux-x86_64, r-release-linux-x86_64, r-release-macos-arm64, r-release-macos-x86_64, r-release-windows-x86_64