CRAN Package Check Results for Package SuperPCA

Last updated on 2020-08-10 10:03:19 CEST.

Flavor Version Tinstall Tcheck Ttotal Status Flags
r-devel-linux-x86_64-debian-clang 0.3.0 11.44 75.33 86.77 OK
r-devel-linux-x86_64-debian-gcc 0.3.0 9.85 57.62 67.47 OK
r-devel-linux-x86_64-fedora-clang 0.3.0 110.14 NOTE
r-devel-linux-x86_64-fedora-gcc 0.3.0 100.61 NOTE
r-devel-windows-ix86+x86_64 0.3.0 27.00 107.00 134.00 OK
r-patched-linux-x86_64 0.3.0 11.36 73.86 85.22 OK
r-patched-solaris-x86 0.3.0 150.80 NOTE
r-release-linux-x86_64 0.3.0 10.30 75.39 85.69 OK
r-release-macos-x86_64 0.3.0 NOTE
r-release-windows-ix86+x86_64 0.3.0 28.00 107.00 135.00 OK
r-oldrel-macos-x86_64 0.3.0 NOTE
r-oldrel-windows-ix86+x86_64 0.3.0 16.00 71.00 87.00 OK

Check Details

Version: 0.3.0
Check: dependencies in R code
Result: NOTE
    Namespaces in Imports field not imported from:
     ‘R.matlab’ ‘fBasics’ ‘spls’
     All declared Imports should be used.
Flavors: r-devel-linux-x86_64-fedora-clang, r-devel-linux-x86_64-fedora-gcc, r-patched-solaris-x86, r-release-macos-x86_64, r-oldrel-macos-x86_64