Last updated on 2023-03-27 09:50:29 CEST.
Flavor | Version | Tinstall | Tcheck | Ttotal | Status | Flags |
---|---|---|---|---|---|---|
r-devel-linux-x86_64-debian-clang | 2.0.3 | 100.27 | 219.99 | 320.26 | OK | |
r-devel-linux-x86_64-debian-gcc | 2.0.3 | 73.51 | 169.79 | 243.30 | OK | |
r-devel-linux-x86_64-fedora-clang | 2.0.3 | 427.87 | OK | |||
r-devel-linux-x86_64-fedora-gcc | 2.0.3 | 427.29 | OK | |||
r-devel-windows-x86_64 | 2.0.3 | 120.00 | 269.00 | 389.00 | OK | |
r-patched-linux-x86_64 | 2.0.3 | 79.53 | 223.06 | 302.59 | OK | |
r-release-linux-x86_64 | 2.0.3 | 69.10 | 216.92 | 286.02 | OK | |
r-release-macos-arm64 | 2.0.3 | 162.00 | NOTE | |||
r-release-macos-x86_64 | 2.0.3 | 171.00 | NOTE | |||
r-release-windows-x86_64 | 2.0.3 | 97.00 | 268.00 | 365.00 | OK | |
r-oldrel-macos-arm64 | 2.0.3 | 178.00 | NOTE | |||
r-oldrel-macos-x86_64 | 2.0.3 | 162.00 | NOTE | |||
r-oldrel-windows-ix86+x86_64 | 2.0.3 | 207.00 | 319.00 | 526.00 | OK |
Version: 2.0.3
Check: installed package size
Result: NOTE
installed size is 7.7Mb
sub-directories of 1Mb or more:
libs 6.9Mb
Flavors: r-release-macos-arm64, r-release-macos-x86_64, r-oldrel-macos-arm64, r-oldrel-macos-x86_64