Last updated on 2023-03-21 10:52:28 CET.
Flavor | Version | Tinstall | Tcheck | Ttotal | Status | Flags |
---|---|---|---|---|---|---|
r-devel-linux-x86_64-debian-clang | 0.1.2 | 21.56 | 76.39 | 97.95 | OK | |
r-devel-linux-x86_64-debian-gcc | 0.1.2 | 20.21 | 56.98 | 77.19 | OK | |
r-devel-linux-x86_64-fedora-clang | 0.1.2 | 134.08 | NOTE | |||
r-devel-linux-x86_64-fedora-gcc | 0.1.2 | 137.69 | NOTE | |||
r-devel-windows-x86_64 | 0.1.2 | 37.00 | 112.00 | 149.00 | OK | |
r-patched-linux-x86_64 | 0.1.2 | 23.80 | 74.89 | 98.69 | OK | |
r-release-linux-x86_64 | 0.1.2 | 24.52 | 75.02 | 99.54 | OK | |
r-release-macos-arm64 | 0.1.2 | 54.00 | NOTE | |||
r-release-macos-x86_64 | 0.1.2 | 79.00 | NOTE | |||
r-release-windows-x86_64 | 0.1.2 | 31.00 | 118.00 | 149.00 | OK | |
r-oldrel-macos-arm64 | 0.1.2 | 78.00 | NOTE | |||
r-oldrel-macos-x86_64 | 0.1.2 | 87.00 | NOTE | |||
r-oldrel-windows-ix86+x86_64 | 0.1.2 | 39.00 | 107.00 | 146.00 | OK |
Version: 0.1.2
Check: dependencies in R code
Result: NOTE
Namespace in Imports field not imported from: ‘data.table’
All declared Imports should be used.
Flavors: r-devel-linux-x86_64-fedora-clang, r-devel-linux-x86_64-fedora-gcc, r-release-macos-arm64, r-release-macos-x86_64, r-oldrel-macos-arm64, r-oldrel-macos-x86_64