Last updated on 2024-04-23 10:54:19 CEST.
Flavor | Version | Tinstall | Tcheck | Ttotal | Status | Flags |
---|---|---|---|---|---|---|
r-devel-linux-x86_64-debian-clang | 1.0.5 | 17.33 | 333.98 | 351.31 | OK | |
r-devel-linux-x86_64-debian-gcc | 1.0.5 | 11.86 | 263.23 | 275.09 | OK | |
r-devel-linux-x86_64-fedora-clang | 1.0.5 | 437.43 | NOTE | |||
r-devel-linux-x86_64-fedora-gcc | 1.0.5 | 457.81 | OK | |||
r-prerel-macos-arm64 | 1.0.5 | 87.00 | NOTE | |||
r-prerel-windows-x86_64 | 1.0.5 | 16.00 | 150.00 | 166.00 | NOTE | |
r-patched-linux-x86_64 | 1.0.5 | 18.20 | 321.47 | 339.67 | OK | |
r-release-linux-x86_64 | 1.0.5 | 13.57 | 327.28 | 340.85 | OK | |
r-release-macos-arm64 | 1.0.5 | 97.00 | NOTE | |||
r-release-macos-x86_64 | 1.0.5 | 164.00 | NOTE | |||
r-release-windows-x86_64 | 1.0.5 | 19.00 | 198.00 | 217.00 | NOTE | |
r-oldrel-macos-arm64 | 1.0.5 | 92.00 | NOTE | |||
r-oldrel-windows-x86_64 | 1.0.5 | 20.00 | 195.00 | 215.00 | NOTE |
Version: 1.0.5
Check: installed package size
Result: NOTE
installed size is 5.7Mb
sub-directories of 1Mb or more:
doc 5.0Mb
Flavors: r-devel-linux-x86_64-fedora-clang, r-prerel-macos-arm64, r-prerel-windows-x86_64, r-release-macos-arm64, r-release-macos-x86_64, r-release-windows-x86_64, r-oldrel-macos-arm64, r-oldrel-windows-x86_64