CRAN Package Check Results for Package StempCens

Last updated on 2022-06-29 10:55:29 CEST.

Flavor Version Tinstall Tcheck Ttotal Status Flags
r-devel-linux-x86_64-debian-clang 1.1.0 50.04 118.80 168.84 OK
r-devel-linux-x86_64-debian-gcc 1.1.0 43.57 89.35 132.92 OK
r-devel-linux-x86_64-fedora-clang 1.1.0 229.62 OK
r-devel-linux-x86_64-fedora-gcc 1.1.0 224.42 OK
r-devel-windows-x86_64 1.1.0 53.00 160.00 213.00 OK
r-patched-linux-x86_64 1.1.0 46.11 112.78 158.89 OK
r-release-linux-x86_64 1.1.0 46.68 113.48 160.16 OK
r-release-macos-arm64 1.1.0 58.00 OK
r-release-macos-x86_64 1.1.0 106.00 OK
r-release-windows-x86_64 1.1.0 58.00 161.00 219.00 OK
r-oldrel-macos-arm64 1.1.0 65.00 NOTE
r-oldrel-macos-x86_64 1.1.0 111.00 OK
r-oldrel-windows-ix86+x86_64 1.1.0 128.00 198.00 326.00 OK

Check Details

Version: 1.1.0
Check: installed package size
Result: NOTE
     installed size is 5.1Mb
     sub-directories of 1Mb or more:
     libs 4.9Mb
Flavor: r-oldrel-macos-arm64