Last updated on 2024-04-20 09:56:16 CEST.
Flavor | Version | Tinstall | Tcheck | Ttotal | Status | Flags |
---|---|---|---|---|---|---|
r-devel-linux-x86_64-debian-clang | 1.5 | 6.95 | 64.40 | 71.35 | NOTE | |
r-devel-linux-x86_64-debian-gcc | 1.5 | 4.53 | 48.97 | 53.50 | NOTE | |
r-devel-linux-x86_64-fedora-clang | 1.5 | 87.38 | NOTE | |||
r-devel-linux-x86_64-fedora-gcc | 1.5 | 88.84 | NOTE | |||
r-prerel-macos-arm64 | 1.5 | 27.00 | NOTE | |||
r-prerel-windows-x86_64 | 1.5 | 6.00 | 64.00 | 70.00 | NOTE | |
r-patched-linux-x86_64 | 1.5 | 4.96 | 61.55 | 66.51 | NOTE | |
r-release-linux-x86_64 | 1.5 | 4.43 | 62.17 | 66.60 | OK | |
r-release-macos-arm64 | 1.5 | 26.00 | OK | |||
r-release-macos-x86_64 | 1.5 | 40.00 | OK | |||
r-release-windows-x86_64 | 1.5 | 8.00 | 75.00 | 83.00 | OK | |
r-oldrel-macos-arm64 | 1.5 | 24.00 | OK | |||
r-oldrel-windows-x86_64 | 1.5 | 10.00 | 83.00 | 93.00 | OK |
Version: 1.5
Check: Rd files
Result: NOTE
checkRd: (-1) adaptIntegrateSpherePolar.Rd:14: Lost braces
14 | code{adaptIntegrateBallPolar()} will likely miss these abrupt changes and give
| ^
Flavors: r-devel-linux-x86_64-debian-clang, r-devel-linux-x86_64-debian-gcc, r-devel-linux-x86_64-fedora-clang, r-devel-linux-x86_64-fedora-gcc, r-prerel-macos-arm64, r-prerel-windows-x86_64, r-patched-linux-x86_64