Last updated on 2024-04-23 10:54:18 CEST.
Flavor | Version | Tinstall | Tcheck | Ttotal | Status | Flags |
---|---|---|---|---|---|---|
r-devel-linux-x86_64-debian-clang | 0.5-3 | 63.72 | 53.47 | 117.19 | NOTE | |
r-devel-linux-x86_64-debian-gcc | 0.5-3 | 49.88 | 38.39 | 88.27 | NOTE | |
r-devel-linux-x86_64-fedora-clang | 0.5-3 | 171.59 | NOTE | |||
r-devel-linux-x86_64-fedora-gcc | 0.5-3 | 169.08 | NOTE | |||
r-prerel-macos-arm64 | 0.5-3 | 37.00 | NOTE | |||
r-prerel-windows-x86_64 | 0.5-3 | 52.00 | 86.00 | 138.00 | NOTE | |
r-patched-linux-x86_64 | 0.5-3 | 56.99 | 49.90 | 106.89 | NOTE | |
r-release-linux-x86_64 | 0.5-3 | 66.14 | 51.87 | 118.01 | OK | |
r-release-macos-arm64 | 0.5-3 | 42.00 | OK | |||
r-release-macos-x86_64 | 0.5-3 | 71.00 | OK | |||
r-release-windows-x86_64 | 0.5-3 | 64.00 | 100.00 | 164.00 | OK | |
r-oldrel-macos-arm64 | 0.5-3 | 43.00 | OK | |||
r-oldrel-windows-x86_64 | 0.5-3 | 61.00 | 90.00 | 151.00 | OK |
Version: 0.5-3
Check: Rd files
Result: NOTE
checkRd: (-1) FitAkdParameters.Rd:23: Lost braces; missing escapes or markup?
23 | p(y|ens) = 1 / K * sum {dnorm(y, z.i, s)} \cr
| ^
Flavors: r-devel-linux-x86_64-debian-clang, r-devel-linux-x86_64-debian-gcc, r-devel-linux-x86_64-fedora-clang, r-devel-linux-x86_64-fedora-gcc, r-prerel-macos-arm64, r-prerel-windows-x86_64, r-patched-linux-x86_64