Last updated on 2023-02-08 09:56:25 CET.
Flavor | Version | Tinstall | Tcheck | Ttotal | Status | Flags |
---|---|---|---|---|---|---|
r-devel-linux-x86_64-debian-clang | 0.1.0 | 2.37 | 31.46 | 33.83 | OK | |
r-devel-linux-x86_64-debian-gcc | 0.1.0 | 2.11 | 24.16 | 26.27 | OK | |
r-devel-linux-x86_64-fedora-clang | 0.1.0 | 42.36 | NOTE | |||
r-devel-linux-x86_64-fedora-gcc | 0.1.0 | 52.64 | NOTE | |||
r-devel-windows-x86_64 | 0.1.0 | 8.00 | 61.00 | 69.00 | OK | |
r-patched-linux-x86_64 | 0.1.0 | 2.75 | 29.87 | 32.62 | OK | |
r-release-linux-x86_64 | 0.1.0 | 2.68 | 30.72 | 33.40 | OK | |
r-release-macos-arm64 | 0.1.0 | 20.00 | NOTE | |||
r-release-macos-x86_64 | 0.1.0 | 26.00 | NOTE | |||
r-release-windows-x86_64 | 0.1.0 | 16.00 | 70.00 | 86.00 | OK | |
r-oldrel-macos-arm64 | 0.1.0 | 18.00 | NOTE | |||
r-oldrel-macos-x86_64 | 0.1.0 | 23.00 | NOTE | |||
r-oldrel-windows-ix86+x86_64 | 0.1.0 | 7.00 | 62.00 | 69.00 | OK |
Version: 0.1.0
Check: dependencies in R code
Result: NOTE
Namespace in Imports field not imported from: ‘MASS’
All declared Imports should be used.
Flavors: r-devel-linux-x86_64-fedora-clang, r-devel-linux-x86_64-fedora-gcc, r-release-macos-arm64, r-release-macos-x86_64, r-oldrel-macos-arm64, r-oldrel-macos-x86_64