CRAN Package Check Results for Package SpatialBall

Last updated on 2020-08-10 10:03:17 CEST.

Flavor Version Tinstall Tcheck Ttotal Status Flags
r-devel-linux-x86_64-debian-clang 0.1.0 12.07 69.77 81.84 NOTE
r-devel-linux-x86_64-debian-gcc 0.1.0 11.32 54.41 65.73 NOTE
r-devel-linux-x86_64-fedora-clang 0.1.0 109.82 NOTE
r-devel-linux-x86_64-fedora-gcc 0.1.0 99.96 NOTE
r-devel-windows-ix86+x86_64 0.1.0 21.00 111.00 132.00 NOTE
r-patched-linux-x86_64 0.1.0 12.28 67.92 80.20 NOTE
r-patched-solaris-x86 0.1.0 165.80 NOTE
r-release-linux-x86_64 0.1.0 12.28 68.00 80.28 NOTE
r-release-macos-x86_64 0.1.0 NOTE
r-release-windows-ix86+x86_64 0.1.0 34.00 113.00 147.00 NOTE
r-oldrel-macos-x86_64 0.1.0 NOTE
r-oldrel-windows-ix86+x86_64 0.1.0 20.00 76.00 96.00 OK

Check Details

Version: 0.1.0
Check: package vignettes
Result: NOTE
    Package vignette with placeholder title 'Vignette Title':
     'Starting.Rmd'
Flavors: r-devel-linux-x86_64-debian-clang, r-devel-linux-x86_64-debian-gcc, r-devel-windows-ix86+x86_64, r-patched-linux-x86_64, r-release-linux-x86_64, r-release-windows-ix86+x86_64

Version: 0.1.0
Check: dependencies in R code
Result: NOTE
    Namespace in Imports field not imported from: ‘lubridate’
     All declared Imports should be used.
Flavors: r-devel-linux-x86_64-fedora-clang, r-devel-linux-x86_64-fedora-gcc, r-patched-solaris-x86, r-release-macos-x86_64, r-oldrel-macos-x86_64