Last updated on 2023-02-05 09:57:31 CET.
Flavor | Version | Tinstall | Tcheck | Ttotal | Status | Flags |
---|---|---|---|---|---|---|
r-devel-linux-x86_64-debian-clang | 0.1.0 | 43.82 | 113.82 | 157.64 | OK | |
r-devel-linux-x86_64-debian-gcc | 0.1.0 | 27.10 | 84.79 | 111.89 | OK | |
r-devel-linux-x86_64-fedora-clang | 0.1.0 | 188.67 | NOTE | |||
r-devel-linux-x86_64-fedora-gcc | 0.1.0 | 179.39 | NOTE | |||
r-devel-windows-x86_64 | 0.1.0 | 96.00 | 168.00 | 264.00 | OK | |
r-patched-linux-x86_64 | 0.1.0 | 30.22 | 107.17 | 137.39 | OK | |
r-release-linux-x86_64 | 0.1.0 | 26.38 | 111.03 | 137.41 | OK | |
r-release-macos-arm64 | 0.1.0 | 52.00 | OK | |||
r-release-macos-x86_64 | 0.1.0 | 84.00 | OK | |||
r-release-windows-x86_64 | 0.1.0 | 42.00 | 166.00 | 208.00 | OK | |
r-oldrel-macos-arm64 | 0.1.0 | 53.00 | OK | |||
r-oldrel-macos-x86_64 | 0.1.0 | 99.00 | OK | |||
r-oldrel-windows-ix86+x86_64 | 0.1.0 | 88.00 | 249.00 | 337.00 | OK |
Version: 0.1.0
Check: compiled code
Result: NOTE
File ‘SpaCCr/libs/SpaCCr.so’:
Found no calls to: ‘R_registerRoutines’, ‘R_useDynamicSymbols’
It is good practice to register native routines and to disable symbol
search.
See ‘Writing portable packages’ in the ‘Writing R Extensions’ manual.
Flavors: r-devel-linux-x86_64-fedora-clang, r-devel-linux-x86_64-fedora-gcc