Last updated on 2024-04-26 09:52:14 CEST.
Flavor | Version | Tinstall | Tcheck | Ttotal | Status | Flags |
---|---|---|---|---|---|---|
r-devel-linux-x86_64-debian-clang | 0.7.2 | 6.84 | 102.70 | 109.54 | NOTE | |
r-devel-linux-x86_64-debian-gcc | 0.7.2 | 5.55 | 74.98 | 80.53 | NOTE | |
r-devel-linux-x86_64-fedora-clang | 0.7.2 | 138.86 | NOTE | |||
r-devel-linux-x86_64-fedora-gcc | 0.7.2 | 140.18 | NOTE | |||
r-devel-windows-x86_64 | 0.7.2 | 8.00 | 103.00 | 111.00 | NOTE | |
r-patched-linux-x86_64 | 0.7.2 | 6.13 | 96.30 | 102.43 | NOTE | |
r-release-linux-x86_64 | 0.7.2 | 4.34 | 93.11 | 97.45 | OK | |
r-release-macos-arm64 | 0.7.2 | 48.00 | NOTE | |||
r-release-windows-x86_64 | 0.7.2 | 8.00 | 99.00 | 107.00 | NOTE | |
r-oldrel-macos-arm64 | 0.7.2 | 54.00 | OK | |||
r-oldrel-macos-x86_64 | 0.7.2 | 95.00 | OK | |||
r-oldrel-windows-x86_64 | 0.7.2 | 10.00 | 119.00 | 129.00 | OK |
Version: 0.7.2
Check: Rd files
Result: NOTE
checkRd: (-1) NAP.Rd:109: Lost braces
109 | bounds for P{X<Y}, based on two independent samples. \emph{The Annals of
| ^
Flavors: r-devel-linux-x86_64-debian-clang, r-devel-linux-x86_64-debian-gcc, r-devel-linux-x86_64-fedora-clang, r-devel-linux-x86_64-fedora-gcc, r-devel-windows-x86_64, r-patched-linux-x86_64, r-release-macos-arm64, r-release-windows-x86_64