Last updated on 2023-01-27 10:50:29 CET.
Flavor | Version | Tinstall | Tcheck | Ttotal | Status | Flags |
---|---|---|---|---|---|---|
r-devel-linux-x86_64-debian-clang | 1.10.6 | 37.53 | 330.88 | 368.41 | NOTE | |
r-devel-linux-x86_64-debian-gcc | 1.10.6 | 30.95 | 243.59 | 274.54 | NOTE | |
r-devel-linux-x86_64-fedora-clang | 1.10.6 | 445.37 | NOTE | |||
r-devel-linux-x86_64-fedora-gcc | 1.10.6 | 452.99 | NOTE | |||
r-devel-windows-x86_64 | 1.10.6 | 45.00 | 337.00 | 382.00 | OK | |
r-patched-linux-x86_64 | 1.10.6 | 35.01 | 309.35 | 344.36 | NOTE | |
r-release-linux-x86_64 | 1.10.6 | 25.44 | 317.63 | 343.07 | NOTE | |
r-release-macos-arm64 | 1.10.6 | 121.00 | OK | |||
r-release-macos-x86_64 | 1.10.6 | 197.00 | OK | |||
r-release-windows-x86_64 | 1.10.6 | 42.00 | 337.00 | 379.00 | OK | |
r-oldrel-macos-arm64 | 1.10.6 | 168.00 | OK | |||
r-oldrel-macos-x86_64 | 1.10.6 | 208.00 | OK | |||
r-oldrel-windows-ix86+x86_64 | 1.10.6 | 79.00 | 422.00 | 501.00 | OK |
Version: 1.10.6
Check: for non-standard things in the check directory
Result: NOTE
Found the following files/directories:
‘ExportFigtree1.tre’
Flavors: r-devel-linux-x86_64-debian-clang, r-devel-linux-x86_64-debian-gcc, r-devel-linux-x86_64-fedora-clang, r-devel-linux-x86_64-fedora-gcc, r-patched-linux-x86_64, r-release-linux-x86_64