Last updated on 2023-05-27 10:55:06 CEST.
Flavor | Version | Tinstall | Tcheck | Ttotal | Status | Flags |
---|---|---|---|---|---|---|
r-devel-linux-x86_64-debian-clang | 1.4 | 2.46 | 35.14 | 37.60 | OK | |
r-devel-linux-x86_64-debian-gcc | 1.4 | 1.76 | 26.99 | 28.75 | OK | |
r-devel-linux-x86_64-fedora-clang | 1.4 | 48.43 | NOTE | |||
r-devel-linux-x86_64-fedora-gcc | 1.4 | 60.60 | NOTE | |||
r-devel-windows-x86_64 | 1.4 | 4.00 | 50.00 | 54.00 | OK | |
r-patched-linux-x86_64 | 1.4 | 2.42 | 33.77 | 36.19 | OK | |
r-release-linux-x86_64 | 1.4 | 2.12 | 33.59 | 35.71 | OK | |
r-release-macos-arm64 | 1.4 | 29.00 | OK | |||
r-release-macos-x86_64 | 1.4 | 34.00 | OK | |||
r-release-windows-x86_64 | 1.4 | 5.00 | 54.00 | 59.00 | OK | |
r-oldrel-macos-arm64 | 1.4 | 21.00 | NOTE | |||
r-oldrel-macos-x86_64 | 1.4 | 26.00 | NOTE | |||
r-oldrel-windows-x86_64 | 1.4 | 5.00 | 56.00 | 61.00 | OK |
Version: 1.4
Check: dependencies in R code
Result: NOTE
Namespace in Imports field not imported from: ‘FD’
All declared Imports should be used.
Flavors: r-devel-linux-x86_64-fedora-clang, r-devel-linux-x86_64-fedora-gcc, r-oldrel-macos-arm64, r-oldrel-macos-x86_64