Last updated on 2024-03-28 10:49:49 CET.
Flavor | Version | Tinstall | Tcheck | Ttotal | Status | Flags |
---|---|---|---|---|---|---|
r-devel-linux-x86_64-debian-clang | 0.0.5 | 20.77 | 188.15 | 208.92 | NOTE | |
r-devel-linux-x86_64-debian-gcc | 0.0.5 | 16.92 | 138.61 | 155.53 | NOTE | |
r-devel-linux-x86_64-fedora-clang | 0.0.5 | 267.21 | NOTE | |||
r-devel-linux-x86_64-fedora-gcc | 0.0.5 | 245.45 | NOTE | |||
r-devel-windows-x86_64 | 0.0.5 | 20.00 | 137.00 | 157.00 | NOTE | |
r-patched-linux-x86_64 | 0.0.5 | 18.98 | 179.93 | 198.91 | NOTE | |
r-release-linux-x86_64 | 0.0.5 | 17.90 | 184.56 | 202.46 | NOTE | |
r-release-macos-arm64 | 0.0.5 | 72.00 | NOTE | |||
r-release-macos-x86_64 | 0.0.5 | 123.00 | NOTE | |||
r-release-windows-x86_64 | 0.0.5 | 27.00 | 177.00 | 204.00 | NOTE | |
r-oldrel-macos-arm64 | 0.0.5 | 66.00 | NOTE | |||
r-oldrel-windows-x86_64 | 0.0.5 | 25.00 | 171.00 | 196.00 | NOTE |
Version: 0.0.5
Check: LazyData
Result: NOTE
'LazyData' is specified without a 'data' directory
Flavors: r-devel-linux-x86_64-debian-clang, r-devel-linux-x86_64-debian-gcc, r-devel-linux-x86_64-fedora-clang, r-devel-linux-x86_64-fedora-gcc, r-devel-windows-x86_64, r-patched-linux-x86_64, r-release-linux-x86_64, r-release-macos-arm64, r-release-macos-x86_64, r-release-windows-x86_64, r-oldrel-macos-arm64, r-oldrel-windows-x86_64