Last updated on 2024-04-27 10:51:14 CEST.
Flavor | Version | Tinstall | Tcheck | Ttotal | Status | Flags |
---|---|---|---|---|---|---|
r-devel-linux-x86_64-debian-clang | 0.1.0 | 47.84 | 452.85 | 500.69 | NOTE | |
r-devel-linux-x86_64-debian-gcc | 0.1.0 | 44.07 | 323.73 | 367.80 | NOTE | |
r-devel-linux-x86_64-fedora-clang | 0.1.0 | 684.77 | NOTE | |||
r-devel-linux-x86_64-fedora-gcc | 0.1.0 | 605.71 | NOTE | |||
r-devel-windows-x86_64 | 0.1.0 | 43.00 | 287.00 | 330.00 | NOTE | |
r-patched-linux-x86_64 | 0.1.0 | 36.02 | 430.83 | 466.85 | NOTE | |
r-release-linux-x86_64 | 0.1.0 | 44.84 | 431.07 | 475.91 | NOTE | |
r-release-macos-arm64 | 0.1.0 | 153.00 | NOTE | |||
r-release-macos-x86_64 | 0.1.0 | 326.00 | NOTE | |||
r-release-windows-x86_64 | 0.1.0 | 43.00 | 286.00 | 329.00 | NOTE | |
r-oldrel-macos-arm64 | 0.1.0 | 11.00 | ERROR | |||
r-oldrel-macos-x86_64 | 0.1.0 | 7.00 | ERROR | |||
r-oldrel-windows-x86_64 | 0.1.0 | 60.00 | 399.00 | 459.00 | NOTE |
Version: 0.1.0
Check: LazyData
Result: NOTE
'LazyData' is specified without a 'data' directory
Flavors: r-devel-linux-x86_64-debian-clang, r-devel-linux-x86_64-debian-gcc, r-devel-linux-x86_64-fedora-clang, r-devel-linux-x86_64-fedora-gcc, r-devel-windows-x86_64, r-patched-linux-x86_64, r-release-linux-x86_64, r-release-macos-arm64, r-release-macos-x86_64, r-release-windows-x86_64, r-oldrel-windows-x86_64
Version: 0.1.0
Check: dependencies in R code
Result: NOTE
Namespace in Imports field not imported from: ‘utils’
All declared Imports should be used.
Flavors: r-devel-linux-x86_64-fedora-clang, r-devel-linux-x86_64-fedora-gcc
Version: 0.1.0
Check: package dependencies
Result: ERROR
Package required but not available: ‘GSVA’
See section ‘The DESCRIPTION file’ in the ‘Writing R Extensions’
manual.
Flavors: r-oldrel-macos-arm64, r-oldrel-macos-x86_64