CRAN Package Check Results for Package SEERaBomb

Last updated on 2020-07-12 09:47:44 CEST.

Flavor Version Tinstall Tcheck Ttotal Status Flags
r-devel-linux-x86_64-debian-clang 2019.2 38.65 160.87 199.52 OK
r-devel-linux-x86_64-debian-gcc 2019.2 29.29 124.18 153.47 OK
r-devel-linux-x86_64-fedora-clang 2019.2 258.67 OK
r-devel-linux-x86_64-fedora-gcc 2019.2 237.05 OK
r-devel-windows-ix86+x86_64 2019.2 81.00 255.00 336.00 OK
r-patched-linux-x86_64 2019.2 34.44 158.37 192.81 OK
r-patched-solaris-x86 2019.2 336.70 OK
r-release-linux-x86_64 2019.2 33.50 157.70 191.20 OK
r-release-macos-x86_64 2019.2 OK
r-release-windows-ix86+x86_64 2019.2 124.00 341.00 465.00 OK
r-oldrel-macos-x86_64 2019.2 WARN
r-oldrel-windows-ix86+x86_64 2019.2 80.00 232.00 312.00 OK

Check Details

Version: 2019.2
Check: whether package can be installed
Result: WARN
    Found the following significant warnings:
     Warning: 'rgl_init' failed, running with rgl.useNULL = TRUE
Flavor: r-oldrel-macos-x86_64

Version: 2019.2
Check: dependencies in R code
Result: NOTE
    No protocol specified
Flavor: r-oldrel-macos-x86_64

Version: 2019.2
Check: S3 generic/method consistency
Result: WARN
    No protocol specified
    See section ‘Generic functions and methods’ in the ‘Writing R
    Extensions’ manual.
Flavor: r-oldrel-macos-x86_64

Version: 2019.2
Check: replacement functions
Result: WARN
    No protocol specified
    The argument of a replacement function which corresponds to the right
    hand side must be named ‘value’.
Flavor: r-oldrel-macos-x86_64

Version: 2019.2
Check: foreign function calls
Result: NOTE
    No protocol specified
    See chapter ‘System and foreign language interfaces’ in the ‘Writing R
    Extensions’ manual.
Flavor: r-oldrel-macos-x86_64

Version: 2019.2
Check: R code for possible problems
Result: NOTE
    No protocol specified
Flavor: r-oldrel-macos-x86_64

Version: 2019.2
Check: for missing documentation entries
Result: WARN
    No protocol specified
    All user-level objects in a package should have documentation entries.
    See chapter ‘Writing R documentation files’ in the ‘Writing R
    Extensions’ manual.
Flavor: r-oldrel-macos-x86_64

Version: 2019.2
Check: for code/documentation mismatches
Result: WARN
    No protocol specified
    No protocol specified
    No protocol specified
Flavor: r-oldrel-macos-x86_64

Version: 2019.2
Check: Rd \usage sections
Result: NOTE
    No protocol specified
    The \usage entries for S3 methods should use the \method markup and not
    their full name.
    See chapter ‘Writing R documentation files’ in the ‘Writing R
    Extensions’ manual.
Flavor: r-oldrel-macos-x86_64