CRAN Package Check Results for Package SDraw

Last updated on 2021-09-25 09:54:05 CEST.

Flavor Version Tinstall Tcheck Ttotal Status Flags
r-devel-linux-x86_64-debian-clang 2.1.13 16.11 309.29 325.40 OK
r-devel-linux-x86_64-debian-gcc 2.1.13 13.56 226.95 240.51 OK
r-devel-linux-x86_64-fedora-clang 2.1.13 385.40 NOTE
r-devel-linux-x86_64-fedora-gcc 2.1.13 374.72 NOTE
r-devel-windows-x86_64 2.1.13 19.00 321.00 340.00 OK
r-devel-windows-x86_64-gcc10-UCRT 2.1.13 NOTE
r-patched-linux-x86_64 2.1.13 22.49 234.48 256.97 OK
r-patched-solaris-x86 2.1.13 1223.70 NOTE
r-release-linux-x86_64 2.1.13 15.94 234.90 250.84 OK
r-release-macos-arm64 2.1.13 NOTE
r-release-macos-x86_64 2.1.13 NOTE
r-release-windows-ix86+x86_64 2.1.13 38.00 337.00 375.00 OK
r-oldrel-macos-x86_64 2.1.13 NOTE
r-oldrel-windows-ix86+x86_64 2.1.13 24.00 238.00 262.00 OK

Check Details

Version: 2.1.13
Check: dependencies in R code
Result: NOTE
    Namespace in Imports field not imported from: ‘covr’
     All declared Imports should be used.
Flavors: r-devel-linux-x86_64-fedora-clang, r-devel-linux-x86_64-fedora-gcc, r-devel-windows-x86_64-gcc10-UCRT, r-patched-solaris-x86, r-release-macos-arm64, r-release-macos-x86_64, r-oldrel-macos-x86_64