CRAN Package Check Results for Package SACOBRA

Last updated on 2020-08-04 09:48:39 CEST.

Flavor Version Tinstall Tcheck Ttotal Status Flags
r-devel-linux-x86_64-debian-clang 1.2 12.83 82.48 95.31 OK
r-devel-linux-x86_64-debian-gcc 1.2 8.92 61.12 70.04 OK
r-devel-linux-x86_64-fedora-clang 1.2 115.14 NOTE
r-devel-linux-x86_64-fedora-gcc 1.2 106.27 NOTE
r-devel-windows-ix86+x86_64 1.2 20.00 83.00 103.00 OK
r-patched-linux-x86_64 1.2 12.51 78.47 90.98 OK
r-patched-solaris-x86 1.2 124.60 NOTE
r-release-linux-x86_64 1.2 12.53 79.57 92.10 OK
r-release-macos-x86_64 1.2 NOTE
r-release-windows-ix86+x86_64 1.2 19.00 95.00 114.00 OK
r-oldrel-macos-x86_64 1.2 NOTE
r-oldrel-windows-ix86+x86_64 1.2 14.00 73.00 87.00 OK

Check Details

Version: 1.2
Check: dependencies in R code
Result: NOTE
    Namespaces in Imports field not imported from:
     ‘R6’ ‘mgcv’
     All declared Imports should be used.
Flavors: r-devel-linux-x86_64-fedora-clang, r-devel-linux-x86_64-fedora-gcc, r-patched-solaris-x86, r-release-macos-x86_64, r-oldrel-macos-x86_64