CRAN Package Check Results for Package Ryacas

Last updated on 2022-11-28 09:50:56 CET.

Flavor Version Tinstall Tcheck Ttotal Status Flags
r-devel-linux-x86_64-debian-clang 1.1.3.1 112.25 110.66 222.91 OK
r-devel-linux-x86_64-debian-gcc 1.1.3.1 93.90 84.13 178.03 OK
r-devel-linux-x86_64-fedora-clang 1.1.3.1 338.79 OK
r-devel-linux-x86_64-fedora-gcc 1.1.3.1 317.47 OK
r-devel-windows-x86_64 1.1.3.1 192.00 198.00 390.00 NOTE
r-patched-linux-x86_64 1.1.3.1 100.47 105.23 205.70 OK
r-release-linux-x86_64 1.1.3.1 99.99 94.43 194.42 OK
r-release-macos-arm64 1.1.3.1 73.00 NOTE
r-release-macos-x86_64 1.1.3.1 104.00 NOTE
r-release-windows-x86_64 1.1.3.1 244.00 201.00 445.00 NOTE
r-oldrel-macos-arm64 1.1.3.1 93.00 NOTE
r-oldrel-macos-x86_64 1.1.3.1 152.00 NOTE
r-oldrel-windows-ix86+x86_64 1.1.3.1 279.00 204.00 483.00 NOTE

Check Details

Version: 1.1.3.1
Check: package dependencies
Result: NOTE
    Package suggested but not available for checking: 'unix'
Flavors: r-devel-windows-x86_64, r-release-windows-x86_64, r-oldrel-windows-ix86+x86_64

Version: 1.1.3.1
Check: installed package size
Result: NOTE
     installed size is 10.8Mb
     sub-directories of 1Mb or more:
     libs 8.9Mb
     yacas 1.3Mb
Flavors: r-release-macos-arm64, r-release-macos-x86_64, r-oldrel-macos-arm64, r-oldrel-macos-x86_64