CRAN Package Check Results for Package RtD3

Last updated on 2023-01-31 10:52:21 CET.

Flavor Version Tinstall Tcheck Ttotal Status Flags
r-devel-linux-x86_64-debian-clang 0.0.1 4.65 40.94 45.59 NOTE
r-devel-linux-x86_64-debian-gcc 0.0.1 2.40 30.16 32.56 NOTE
r-devel-linux-x86_64-fedora-clang 0.0.1 56.36 NOTE
r-devel-linux-x86_64-fedora-gcc 0.0.1 55.13 NOTE
r-devel-windows-x86_64 0.0.1 16.00 81.00 97.00 NOTE
r-patched-linux-x86_64 0.0.1 2.99 39.45 42.44 NOTE
r-release-linux-x86_64 0.0.1 2.61 40.15 42.76 NOTE
r-release-macos-arm64 0.0.1 24.00 NOTE
r-release-macos-x86_64 0.0.1 31.00 NOTE
r-release-windows-x86_64 0.0.1 28.00 75.00 103.00 NOTE
r-oldrel-macos-arm64 0.0.1 28.00 NOTE
r-oldrel-macos-x86_64 0.0.1 36.00 NOTE
r-oldrel-windows-ix86+x86_64 0.0.1 10.00 66.00 76.00 NOTE

Check Details

Version: 0.0.1
Check: LazyData
Result: NOTE
     'LazyData' is specified without a 'data' directory
Flavors: r-devel-linux-x86_64-debian-clang, r-devel-linux-x86_64-debian-gcc, r-devel-linux-x86_64-fedora-clang, r-devel-linux-x86_64-fedora-gcc, r-devel-windows-x86_64, r-patched-linux-x86_64, r-release-linux-x86_64, r-release-macos-arm64, r-release-macos-x86_64, r-release-windows-x86_64, r-oldrel-macos-arm64, r-oldrel-macos-x86_64, r-oldrel-windows-ix86+x86_64