CRAN Package Check Results for Package Rsmlx

Last updated on 2020-08-06 09:49:12 CEST.

Flavor Version Tinstall Tcheck Ttotal Status Flags
r-devel-linux-x86_64-debian-clang 2.0.2 11.22 66.04 77.26 OK
r-devel-linux-x86_64-debian-gcc 2.0.2 8.25 49.30 57.55 OK
r-devel-linux-x86_64-fedora-clang 2.0.2 98.61 NOTE
r-devel-linux-x86_64-fedora-gcc 2.0.2 88.57 NOTE
r-devel-windows-ix86+x86_64 2.0.2 36.00 74.00 110.00 OK
r-patched-linux-x86_64 2.0.2 11.85 64.40 76.25 OK
r-patched-solaris-x86 2.0.2 115.40 NOTE
r-release-linux-x86_64 2.0.2 10.19 63.93 74.12 OK
r-release-macos-x86_64 2.0.2 NOTE
r-release-windows-ix86+x86_64 2.0.2 27.00 81.00 108.00 OK
r-oldrel-macos-x86_64 2.0.2 NOTE
r-oldrel-windows-ix86+x86_64 2.0.2 14.00 58.00 72.00 OK

Check Details

Version: 2.0.2
Check: dependencies in R code
Result: NOTE
    Namespaces in Imports field not imported from:
     ‘methods’ ‘tcltk’ ‘tools’
     All declared Imports should be used.
Flavors: r-devel-linux-x86_64-fedora-clang, r-devel-linux-x86_64-fedora-gcc, r-patched-solaris-x86, r-release-macos-x86_64, r-oldrel-macos-x86_64