Last updated on 2023-01-28 10:51:40 CET.
Flavor | Version | Tinstall | Tcheck | Ttotal | Status | Flags |
---|---|---|---|---|---|---|
r-devel-linux-x86_64-debian-clang | 1.0.13 | 3.59 | 44.30 | 47.89 | OK | |
r-devel-linux-x86_64-debian-gcc | 1.0.13 | 3.32 | 34.09 | 37.41 | OK | |
r-devel-linux-x86_64-fedora-clang | 1.0.13 | 62.25 | NOTE | |||
r-devel-linux-x86_64-fedora-gcc | 1.0.13 | 70.96 | NOTE | |||
r-devel-windows-x86_64 | 1.0.13 | 20.00 | 82.00 | 102.00 | OK | |
r-patched-linux-x86_64 | 1.0.13 | 8.68 | 43.23 | 51.91 | OK | |
r-release-linux-x86_64 | 1.0.13 | 3.01 | 43.49 | 46.50 | OK | |
r-release-macos-arm64 | 1.0.13 | 24.00 | NOTE | |||
r-release-macos-x86_64 | 1.0.13 | 36.00 | NOTE | |||
r-release-windows-x86_64 | 1.0.13 | 21.00 | 90.00 | 111.00 | OK | |
r-oldrel-macos-arm64 | 1.0.13 | 29.00 | NOTE | |||
r-oldrel-macos-x86_64 | 1.0.13 | 36.00 | NOTE | |||
r-oldrel-windows-ix86+x86_64 | 1.0.13 | 8.00 | 78.00 | 86.00 | OK |
Version: 1.0.13
Check: dependencies in R code
Result: NOTE
Namespace in Imports field not imported from: ‘NatureSounds’
All declared Imports should be used.
Flavors: r-devel-linux-x86_64-fedora-clang, r-devel-linux-x86_64-fedora-gcc, r-release-macos-arm64, r-release-macos-x86_64, r-oldrel-macos-arm64, r-oldrel-macos-x86_64