CRAN Package Check Results for Package Rosenbrock

Last updated on 2023-01-31 10:52:21 CET.

Flavor Version Tinstall Tcheck Ttotal Status Flags
r-devel-linux-x86_64-debian-clang 0.1.0 2.05 21.61 23.66 NOTE
r-devel-linux-x86_64-debian-gcc 0.1.0 1.46 16.91 18.37 NOTE
r-devel-linux-x86_64-fedora-clang 0.1.0 30.11 NOTE
r-devel-linux-x86_64-fedora-gcc 0.1.0 28.99 NOTE
r-devel-windows-x86_64 0.1.0 10.00 50.00 60.00 NOTE
r-patched-linux-x86_64 0.1.0 2.23 21.77 24.00 NOTE
r-release-linux-x86_64 0.1.0 1.81 21.60 23.41 NOTE
r-release-macos-arm64 0.1.0 20.00 NOTE
r-release-macos-x86_64 0.1.0 20.00 NOTE
r-release-windows-x86_64 0.1.0 13.00 53.00 66.00 NOTE
r-oldrel-macos-arm64 0.1.0 15.00 NOTE
r-oldrel-macos-x86_64 0.1.0 22.00 NOTE
r-oldrel-windows-ix86+x86_64 0.1.0 5.00 44.00 49.00 NOTE

Check Details

Version: 0.1.0
Check: LazyData
Result: NOTE
     'LazyData' is specified without a 'data' directory
Flavors: r-devel-linux-x86_64-debian-clang, r-devel-linux-x86_64-debian-gcc, r-devel-linux-x86_64-fedora-clang, r-devel-linux-x86_64-fedora-gcc, r-devel-windows-x86_64, r-patched-linux-x86_64, r-release-linux-x86_64, r-release-macos-arm64, r-release-macos-x86_64, r-release-windows-x86_64, r-oldrel-macos-arm64, r-oldrel-macos-x86_64, r-oldrel-windows-ix86+x86_64