CRAN Package Check Results for Package RobStatTM

Last updated on 2022-07-05 10:49:03 CEST.

Flavor Version Tinstall Tcheck Ttotal Status Flags
r-devel-linux-x86_64-debian-clang 1.0.5 12.61 73.05 85.66 OK
r-devel-linux-x86_64-debian-gcc 1.0.5 10.57 54.99 65.56 OK
r-devel-linux-x86_64-fedora-clang 1.0.5 116.68 NOTE
r-devel-linux-x86_64-fedora-gcc 1.0.5 115.77 NOTE
r-devel-windows-x86_64 1.0.5 94.00 108.00 202.00 OK
r-patched-linux-x86_64 1.0.5 17.96 70.94 88.90 OK
r-release-linux-x86_64 1.0.5 10.63 69.94 80.57 OK
r-release-macos-arm64 1.0.5 26.00 NOTE
r-release-macos-x86_64 1.0.5 44.00 NOTE
r-release-windows-x86_64 1.0.5 88.00 104.00 192.00 OK
r-oldrel-macos-arm64 1.0.5 25.00 NOTE
r-oldrel-macos-x86_64 1.0.5 46.00 NOTE
r-oldrel-windows-ix86+x86_64 1.0.5 33.00 121.00 154.00 OK

Check Details

Version: 1.0.5
Check: dependencies in R code
Result: NOTE
    Namespaces in Imports field not imported from:
     ‘graphics’ ‘methods’ ‘utils’
     All declared Imports should be used.
Flavors: r-devel-linux-x86_64-fedora-clang, r-devel-linux-x86_64-fedora-gcc, r-release-macos-arm64, r-release-macos-x86_64, r-oldrel-macos-arm64, r-oldrel-macos-x86_64