CRAN Package Check Results for Package Rnmr1D

Last updated on 2020-07-02 09:48:49 CEST.

Flavor Version Tinstall Tcheck Ttotal Status Flags
r-devel-linux-x86_64-debian-clang 1.2.5 37.84 147.37 185.21 OK
r-devel-linux-x86_64-debian-gcc 1.2.5 30.55 110.28 140.83 OK
r-devel-linux-x86_64-fedora-clang 1.2.5 234.84 NOTE
r-devel-linux-x86_64-fedora-gcc 1.2.5 225.48 NOTE
r-devel-windows-ix86+x86_64 1.2.5 108.00 404.00 512.00 OK
r-patched-linux-x86_64 1.2.5 31.72 145.20 176.92 OK
r-patched-solaris-x86 1.2.5 525.10 NOTE
r-release-linux-x86_64 1.2.5 34.48 143.67 178.15 OK
r-release-osx-x86_64 1.2.5 NOTE
r-release-windows-ix86+x86_64 1.2.5 71.00 292.00 363.00 OK
r-oldrel-osx-x86_64 1.2.5 WARN
r-oldrel-windows-ix86+x86_64 1.2.5 91.00 419.00 510.00 OK

Check Details

Version: 1.2.5
Check: dependencies in R code
Result: NOTE
    Namespace in Imports field not imported from: ‘impute’
     All declared Imports should be used.
Flavors: r-devel-linux-x86_64-fedora-clang, r-devel-linux-x86_64-fedora-gcc, r-patched-solaris-x86, r-release-osx-x86_64, r-oldrel-osx-x86_64

Version: 1.2.5
Check: for executable files
Result: WARN
    Found the following executable files:
     inst/extra/CD_BBI_16P02/CD_BBI_16P02-R1/10/fid
     inst/extra/CD_BBI_16P02/CD_BBI_16P02-R2/10/fid
     inst/extra/CD_BBI_16P02/CD_BBI_16P02-R3/10/fid
     inst/extra/CD_BBI_16P02/CD_BBI_16P02-R8/10/fid
    Source packages should not contain undeclared executable files.
    See section ‘Package structure’ in the ‘Writing R Extensions’ manual.
Flavor: r-oldrel-osx-x86_64