CRAN Package Check Results for Package Rlinsolve

Last updated on 2022-12-05 09:51:29 CET.

Flavor Version Tinstall Tcheck Ttotal Status Flags
r-devel-linux-x86_64-debian-clang 0.3.2 288.63 85.07 373.70 OK
r-devel-linux-x86_64-debian-gcc 0.3.2 247.78 64.77 312.55 OK
r-devel-linux-x86_64-fedora-clang 0.3.2 570.77 OK
r-devel-linux-x86_64-fedora-gcc 0.3.2 542.17 OK
r-devel-windows-x86_64 0.3.2 294.00 141.00 435.00 OK
r-patched-linux-x86_64 0.3.2 248.38 80.10 328.48 OK
r-release-linux-x86_64 0.3.2 252.88 79.26 332.14 OK
r-release-macos-arm64 0.3.2 119.00 NOTE
r-release-macos-x86_64 0.3.2 151.00 NOTE
r-release-windows-x86_64 0.3.2 202.00 132.00 334.00 OK
r-oldrel-macos-arm64 0.3.2 132.00 NOTE
r-oldrel-macos-x86_64 0.3.2 162.00 NOTE
r-oldrel-windows-ix86+x86_64 0.3.2 677.00 155.00 832.00 OK

Check Details

Version: 0.3.2
Check: installed package size
Result: NOTE
     installed size is 12.7Mb
     sub-directories of 1Mb or more:
     libs 12.5Mb
Flavors: r-release-macos-arm64, r-release-macos-x86_64, r-oldrel-macos-arm64, r-oldrel-macos-x86_64