CRAN Package Check Results for Package Ritc

Last updated on 2022-09-26 09:50:08 CEST.

Flavor Version Tinstall Tcheck Ttotal Status Flags
r-devel-linux-x86_64-debian-clang 1.0.2 1.82 24.67 26.49 NOTE
r-devel-linux-x86_64-debian-gcc 1.0.2 1.67 19.96 21.63 NOTE
r-devel-linux-x86_64-fedora-clang 1.0.2 46.21 NOTE
r-devel-linux-x86_64-fedora-gcc 1.0.2 45.14 NOTE
r-devel-windows-x86_64 1.0.2 9.00 58.00 67.00 OK
r-patched-linux-x86_64 1.0.2 3.32 24.68 28.00 NOTE
r-release-linux-x86_64 1.0.2 1.48 24.30 25.78 NOTE
r-release-macos-arm64 1.0.2 15.00 OK
r-release-macos-x86_64 1.0.2 22.00 OK
r-release-windows-x86_64 1.0.2 9.00 57.00 66.00 OK
r-oldrel-macos-arm64 1.0.2 18.00 OK
r-oldrel-macos-x86_64 1.0.2 26.00 OK
r-oldrel-windows-ix86+x86_64 1.0.2 5.00 49.00 54.00 OK

Check Details

Version: 1.0.2
Check: for non-standard things in the check directory
Result: NOTE
    Found the following files/directories:
     'B110711CD4.CSV' 'inputparam2.txt' 'itcout0.pdf' 'itcout1.eps'
     'origin_data.csv'
Flavors: r-devel-linux-x86_64-debian-clang, r-devel-linux-x86_64-debian-gcc, r-devel-linux-x86_64-fedora-clang, r-devel-linux-x86_64-fedora-gcc, r-patched-linux-x86_64, r-release-linux-x86_64